{"id":2465,"date":"2024-05-29T15:57:25","date_gmt":"2024-05-29T13:57:25","guid":{"rendered":"https:\/\/www.festivalemergent.cat\/event\/zero-en-conducta\/"},"modified":"2024-05-29T15:57:25","modified_gmt":"2024-05-29T13:57:25","slug":"zero-en-conducta","status":"publish","type":"tribe_events","link":"https:\/\/www.festivalemergent.cat\/es\/event\/zero-en-conducta\/","title":{"rendered":"Zero en conducta"},"content":{"rendered":"<p>Zero en Conducta, Teatre del Moviment es un proyecto creado en 2011 por Jos\u00e9 Antonio Puchades (Putxa) con la intenci\u00f3n de explorar el potencial expresivo de diferentes artes esc\u00e9nicas relacionadas con el movimiento. Con Julieta Gasc\u00f3n como codirectora, codramaturga e int\u00e9rprete, la compa\u00f1\u00eda investiga la uni\u00f3n del mimo corporal, la danza y el teatro f\u00edsico en general. Ganadores de numerosos premios internacionales, Zero en Conducta presentar\u00e1n en el Festival Emergent una cata de algunas de sus mejores piezas.<\/p>\n","protected":false},"excerpt":{"rendered":"<p>Zero en Conducta, Teatre del Moviment es un proyecto creado en 2011 por Jos\u00e9 Antonio Puchades (Putxa) con la intenci\u00f3n de explorar el potencial expresivo de diferentes artes esc\u00e9nicas relacionadas [&hellip;]<\/p>\n","protected":false},"author":1,"featured_media":2140,"template":"","meta":{"_et_pb_use_builder":"off","_et_pb_old_content":"","_et_gb_content_width":"","_tribe_events_status":"","_tribe_events_status_reason":"","footnotes":""},"tags":[],"tribe_events_cat":[186],"class_list":["post-2465","tribe_events","type-tribe_events","status-publish","has-post-thumbnail","hentry","tribe_events_cat-fornells-de-la-selva-es","cat_fornells-de-la-selva-es"],"yoast_head":"<!-- This site is optimized with the Yoast SEO plugin v27.5 - https:\/\/yoast.com\/product\/yoast-seo-wordpress\/ -->\n<title>Zero en conducta - Festival Emergent<\/title>\n<meta name=\"robots\" content=\"index, follow, max-snippet:-1, max-image-preview:large, max-video-preview:-1\" \/>\n<link rel=\"canonical\" href=\"https:\/\/www.festivalemergent.cat\/event\/zero-en-conducta\/\" \/>\n<meta property=\"og:locale\" content=\"es_ES\" \/>\n<meta property=\"og:type\" content=\"article\" \/>\n<meta property=\"og:title\" content=\"Zero en conducta - Festival Emergent\" \/>\n<meta property=\"og:description\" content=\"Zero en Conducta, Teatre del Moviment es un proyecto creado en 2011 por Jos\u00e9 Antonio Puchades (Putxa) con la intenci\u00f3n de explorar el potencial expresivo de diferentes artes esc\u00e9nicas relacionadas [&hellip;]\" \/>\n<meta property=\"og:url\" content=\"https:\/\/www.festivalemergent.cat\/event\/zero-en-conducta\/\" \/>\n<meta property=\"og:site_name\" content=\"Festival Emergent\" \/>\n<meta property=\"og:image\" content=\"https:\/\/www.festivalemergent.cat\/wp-content\/uploads\/2024\/05\/20160709AW232-copia-scaled.jpg\" \/>\n\t<meta property=\"og:image:width\" content=\"2560\" \/>\n\t<meta property=\"og:image:height\" content=\"1710\" \/>\n\t<meta property=\"og:image:type\" content=\"image\/jpeg\" \/>\n<meta name=\"twitter:card\" content=\"summary_large_image\" \/>\n<script type=\"application\/ld+json\" class=\"yoast-schema-graph\">{\"@context\":\"https:\\\/\\\/schema.org\",\"@graph\":[{\"@type\":\"WebPage\",\"@id\":\"https:\\\/\\\/www.festivalemergent.cat\\\/event\\\/zero-en-conducta\\\/\",\"url\":\"https:\\\/\\\/www.festivalemergent.cat\\\/event\\\/zero-en-conducta\\\/\",\"name\":\"Zero en conducta - Festival Emergent\",\"isPartOf\":{\"@id\":\"https:\\\/\\\/www.festivalemergent.cat\\\/#website\"},\"primaryImageOfPage\":{\"@id\":\"https:\\\/\\\/www.festivalemergent.cat\\\/event\\\/zero-en-conducta\\\/#primaryimage\"},\"image\":{\"@id\":\"https:\\\/\\\/www.festivalemergent.cat\\\/event\\\/zero-en-conducta\\\/#primaryimage\"},\"thumbnailUrl\":\"https:\\\/\\\/www.festivalemergent.cat\\\/wp-content\\\/uploads\\\/2024\\\/05\\\/20160709AW232-copia-scaled.jpg\",\"datePublished\":\"2024-05-29T13:57:25+00:00\",\"breadcrumb\":{\"@id\":\"https:\\\/\\\/www.festivalemergent.cat\\\/event\\\/zero-en-conducta\\\/#breadcrumb\"},\"inLanguage\":\"es\",\"potentialAction\":[{\"@type\":\"ReadAction\",\"target\":[\"https:\\\/\\\/www.festivalemergent.cat\\\/event\\\/zero-en-conducta\\\/\"]}]},{\"@type\":\"ImageObject\",\"inLanguage\":\"es\",\"@id\":\"https:\\\/\\\/www.festivalemergent.cat\\\/event\\\/zero-en-conducta\\\/#primaryimage\",\"url\":\"https:\\\/\\\/www.festivalemergent.cat\\\/wp-content\\\/uploads\\\/2024\\\/05\\\/20160709AW232-copia-scaled.jpg\",\"contentUrl\":\"https:\\\/\\\/www.festivalemergent.cat\\\/wp-content\\\/uploads\\\/2024\\\/05\\\/20160709AW232-copia-scaled.jpg\",\"width\":2560,\"height\":1710,\"caption\":\"Cia. Zero en Conducta (Spanien): \u201eLa derniere danse de Brigitte\u201c. Scheune \u2013 Schaubuden \u2013 Sommer am 09. Juni 2016. Das XIX. internationale Sommerfestival f\u00fcr Theater, Vergn\u00fcgen und Musik in der Dresdner Neustadt. Foto: Andr\u00e9 Wirsig\"},{\"@type\":\"BreadcrumbList\",\"@id\":\"https:\\\/\\\/www.festivalemergent.cat\\\/event\\\/zero-en-conducta\\\/#breadcrumb\",\"itemListElement\":[{\"@type\":\"ListItem\",\"position\":1,\"name\":\"Inici\",\"item\":\"https:\\\/\\\/www.festivalemergent.cat\\\/\"},{\"@type\":\"ListItem\",\"position\":2,\"name\":\"Esdeveniments\",\"item\":\"https:\\\/\\\/www.festivalemergent.cat\\\/esdeveniments\\\/\"},{\"@type\":\"ListItem\",\"position\":3,\"name\":\"Zero en conducta\"}]},{\"@type\":\"WebSite\",\"@id\":\"https:\\\/\\\/www.festivalemergent.cat\\\/#website\",\"url\":\"https:\\\/\\\/www.festivalemergent.cat\\\/\",\"name\":\"Festival Emergent\",\"description\":\"Festival d&#039;arts en viu del Giron\u00e8s\",\"potentialAction\":[{\"@type\":\"SearchAction\",\"target\":{\"@type\":\"EntryPoint\",\"urlTemplate\":\"https:\\\/\\\/www.festivalemergent.cat\\\/?s={search_term_string}\"},\"query-input\":{\"@type\":\"PropertyValueSpecification\",\"valueRequired\":true,\"valueName\":\"search_term_string\"}}],\"inLanguage\":\"es\"}]}<\/script>\n<!-- \/ Yoast SEO plugin. -->","yoast_head_json":{"title":"Zero en conducta - Festival Emergent","robots":{"index":"index","follow":"follow","max-snippet":"max-snippet:-1","max-image-preview":"max-image-preview:large","max-video-preview":"max-video-preview:-1"},"canonical":"https:\/\/www.festivalemergent.cat\/event\/zero-en-conducta\/","og_locale":"es_ES","og_type":"article","og_title":"Zero en conducta - Festival Emergent","og_description":"Zero en Conducta, Teatre del Moviment es un proyecto creado en 2011 por Jos\u00e9 Antonio Puchades (Putxa) con la intenci\u00f3n de explorar el potencial expresivo de diferentes artes esc\u00e9nicas relacionadas [&hellip;]","og_url":"https:\/\/www.festivalemergent.cat\/event\/zero-en-conducta\/","og_site_name":"Festival Emergent","og_image":[{"width":2560,"height":1710,"url":"https:\/\/www.festivalemergent.cat\/wp-content\/uploads\/2024\/05\/20160709AW232-copia-scaled.jpg","type":"image\/jpeg"}],"twitter_card":"summary_large_image","schema":{"@context":"https:\/\/schema.org","@graph":[{"@type":"WebPage","@id":"https:\/\/www.festivalemergent.cat\/event\/zero-en-conducta\/","url":"https:\/\/www.festivalemergent.cat\/event\/zero-en-conducta\/","name":"Zero en conducta - Festival Emergent","isPartOf":{"@id":"https:\/\/www.festivalemergent.cat\/#website"},"primaryImageOfPage":{"@id":"https:\/\/www.festivalemergent.cat\/event\/zero-en-conducta\/#primaryimage"},"image":{"@id":"https:\/\/www.festivalemergent.cat\/event\/zero-en-conducta\/#primaryimage"},"thumbnailUrl":"https:\/\/www.festivalemergent.cat\/wp-content\/uploads\/2024\/05\/20160709AW232-copia-scaled.jpg","datePublished":"2024-05-29T13:57:25+00:00","breadcrumb":{"@id":"https:\/\/www.festivalemergent.cat\/event\/zero-en-conducta\/#breadcrumb"},"inLanguage":"es","potentialAction":[{"@type":"ReadAction","target":["https:\/\/www.festivalemergent.cat\/event\/zero-en-conducta\/"]}]},{"@type":"ImageObject","inLanguage":"es","@id":"https:\/\/www.festivalemergent.cat\/event\/zero-en-conducta\/#primaryimage","url":"https:\/\/www.festivalemergent.cat\/wp-content\/uploads\/2024\/05\/20160709AW232-copia-scaled.jpg","contentUrl":"https:\/\/www.festivalemergent.cat\/wp-content\/uploads\/2024\/05\/20160709AW232-copia-scaled.jpg","width":2560,"height":1710,"caption":"Cia. Zero en Conducta (Spanien): \u201eLa derniere danse de Brigitte\u201c. Scheune \u2013 Schaubuden \u2013 Sommer am 09. Juni 2016. Das XIX. internationale Sommerfestival f\u00fcr Theater, Vergn\u00fcgen und Musik in der Dresdner Neustadt. Foto: Andr\u00e9 Wirsig"},{"@type":"BreadcrumbList","@id":"https:\/\/www.festivalemergent.cat\/event\/zero-en-conducta\/#breadcrumb","itemListElement":[{"@type":"ListItem","position":1,"name":"Inici","item":"https:\/\/www.festivalemergent.cat\/"},{"@type":"ListItem","position":2,"name":"Esdeveniments","item":"https:\/\/www.festivalemergent.cat\/esdeveniments\/"},{"@type":"ListItem","position":3,"name":"Zero en conducta"}]},{"@type":"WebSite","@id":"https:\/\/www.festivalemergent.cat\/#website","url":"https:\/\/www.festivalemergent.cat\/","name":"Festival Emergent","description":"Festival d&#039;arts en viu del Giron\u00e8s","potentialAction":[{"@type":"SearchAction","target":{"@type":"EntryPoint","urlTemplate":"https:\/\/www.festivalemergent.cat\/?s={search_term_string}"},"query-input":{"@type":"PropertyValueSpecification","valueRequired":true,"valueName":"search_term_string"}}],"inLanguage":"es"}]}},"_links":{"self":[{"href":"https:\/\/www.festivalemergent.cat\/es\/wp-json\/wp\/v2\/tribe_events\/2465","targetHints":{"allow":["GET"]}}],"collection":[{"href":"https:\/\/www.festivalemergent.cat\/es\/wp-json\/wp\/v2\/tribe_events"}],"about":[{"href":"https:\/\/www.festivalemergent.cat\/es\/wp-json\/wp\/v2\/types\/tribe_events"}],"author":[{"embeddable":true,"href":"https:\/\/www.festivalemergent.cat\/es\/wp-json\/wp\/v2\/users\/1"}],"version-history":[{"count":0,"href":"https:\/\/www.festivalemergent.cat\/es\/wp-json\/wp\/v2\/tribe_events\/2465\/revisions"}],"wp:featuredmedia":[{"embeddable":true,"href":"https:\/\/www.festivalemergent.cat\/es\/wp-json\/wp\/v2\/media\/2140"}],"wp:attachment":[{"href":"https:\/\/www.festivalemergent.cat\/es\/wp-json\/wp\/v2\/media?parent=2465"}],"wp:term":[{"taxonomy":"post_tag","embeddable":true,"href":"https:\/\/www.festivalemergent.cat\/es\/wp-json\/wp\/v2\/tags?post=2465"},{"taxonomy":"tribe_events_cat","embeddable":true,"href":"https:\/\/www.festivalemergent.cat\/es\/wp-json\/wp\/v2\/tribe_events_cat?post=2465"}],"curies":[{"name":"wp","href":"https:\/\/api.w.org\/{rel}","templated":true}]}}

<p>Zero en Conducta, Teatre del Moviment es un proyecto creado en 2011 por José Antonio Puchades (Putxa) con la intención de explorar el potencial expresivo de diferentes artes escénicas relacionadas con el movimiento. Con Julieta Gascón como codirectora, codramaturga e intérprete, la compañía investiga la unión del mimo corporal, la danza y el teatro físico en general. Ganadores de numerosos premios internacionales, Zero en Conducta presentarán en el Festival Emergent una cata de algunas de sus mejores piezas.</p>

<p>Zero en Conducta, Teatre del Moviment es un proyecto creado en 2011 por José Antonio Puchades (Putxa) con la intención de explorar el potencial expresivo de diferentes artes escénicas relacionadas [&hellip;]</p>

<!-- This site is optimized with the Yoast SEO plugin v27.5 - https://yoast.com/product/yoast-seo-wordpress/ -->
<title>Zero en conducta - Festival Emergent</title>
<meta name="robots" content="index, follow, max-snippet:-1, max-image-preview:large, max-video-preview:-1" />
<link rel="canonical" href="https://www.festivalemergent.cat/event/zero-en-conducta/" />
<meta property="og:locale" content="es_ES" />
<meta property="og:type" content="article" />
<meta property="og:title" content="Zero en conducta - Festival Emergent" />
<meta property="og:description" content="Zero en Conducta, Teatre del Moviment es un proyecto creado en 2011 por José Antonio Puchades (Putxa) con la intención de explorar el potencial expresivo de diferentes artes escénicas relacionadas [&hellip;]" />
<meta property="og:url" content="https://www.festivalemergent.cat/event/zero-en-conducta/" />
<meta property="og:site_name" content="Festival Emergent" />
<meta property="og:image" content="https://www.festivalemergent.cat/wp-content/uploads/2024/05/20160709AW232-copia-scaled.jpg" />
	<meta property="og:image:width" content="2560" />
	<meta property="og:image:height" content="1710" />
	<meta property="og:image:type" content="image/jpeg" />
<meta name="twitter:card" content="summary_large_image" />
<script type="application/ld+json" class="yoast-schema-graph">{"@context":"https:\/\/schema.org","@graph":[{"@type":"WebPage","@id":"https:\/\/www.festivalemergent.cat\/event\/zero-en-conducta\/","url":"https:\/\/www.festivalemergent.cat\/event\/zero-en-conducta\/","name":"Zero en conducta - Festival Emergent","isPartOf":{"@id":"https:\/\/www.festivalemergent.cat\/#website"},"primaryImageOfPage":{"@id":"https:\/\/www.festivalemergent.cat\/event\/zero-en-conducta\/#primaryimage"},"image":{"@id":"https:\/\/www.festivalemergent.cat\/event\/zero-en-conducta\/#primaryimage"},"thumbnailUrl":"https:\/\/www.festivalemergent.cat\/wp-content\/uploads\/2024\/05\/20160709AW232-copia-scaled.jpg","datePublished":"2024-05-29T13:57:25+00:00","breadcrumb":{"@id":"https:\/\/www.festivalemergent.cat\/event\/zero-en-conducta\/#breadcrumb"},"inLanguage":"es","potentialAction":[{"@type":"ReadAction","target":["https:\/\/www.festivalemergent.cat\/event\/zero-en-conducta\/"]}]},{"@type":"ImageObject","inLanguage":"es","@id":"https:\/\/www.festivalemergent.cat\/event\/zero-en-conducta\/#primaryimage","url":"https:\/\/www.festivalemergent.cat\/wp-content\/uploads\/2024\/05\/20160709AW232-copia-scaled.jpg","contentUrl":"https:\/\/www.festivalemergent.cat\/wp-content\/uploads\/2024\/05\/20160709AW232-copia-scaled.jpg","width":2560,"height":1710,"caption":"Cia. Zero en Conducta (Spanien): „La derniere danse de Brigitte“. Scheune – Schaubuden – Sommer am 09. Juni 2016. Das XIX. internationale Sommerfestival für Theater, Vergnügen und Musik in der Dresdner Neustadt. Foto: André Wirsig"},{"@type":"BreadcrumbList","@id":"https:\/\/www.festivalemergent.cat\/event\/zero-en-conducta\/#breadcrumb","itemListElement":[{"@type":"ListItem","position":1,"name":"Inici","item":"https:\/\/www.festivalemergent.cat\/"},{"@type":"ListItem","position":2,"name":"Esdeveniments","item":"https:\/\/www.festivalemergent.cat\/esdeveniments\/"},{"@type":"ListItem","position":3,"name":"Zero en conducta"}]},{"@type":"WebSite","@id":"https:\/\/www.festivalemergent.cat\/#website","url":"https:\/\/www.festivalemergent.cat\/","name":"Festival Emergent","description":"Festival d&#039;arts en viu del Gironès","potentialAction":[{"@type":"SearchAction","target":{"@type":"EntryPoint","urlTemplate":"https:\/\/www.festivalemergent.cat\/?s={search_term_string}"},"query-input":{"@type":"PropertyValueSpecification","valueRequired":true,"valueName":"search_term_string"}}],"inLanguage":"es"}]}</script>
<!-- / Yoast SEO plugin. -->

Zero en Conducta, Teatre del Moviment es un proyecto creado en 2011 por José Antonio Puchades (Putxa) con la intención de explorar el potencial expresivo de diferentes artes escénicas relacionadas [&hellip;]

Cia. Zero en Conducta (Spanien): „La derniere danse de Brigitte“. Scheune – Schaubuden – Sommer am 09. Juni 2016. Das XIX. internationale Sommerfestival für Theater, Vergnügen und Musik in der Dresdner Neustadt. Foto: André Wirsig

Festival d&#039;arts en viu del Gironès
