{"id":2463,"date":"2024-05-29T16:01:53","date_gmt":"2024-05-29T14:01:53","guid":{"rendered":"https:\/\/www.festivalemergent.cat\/event\/roger-mas\/"},"modified":"2024-05-29T16:01:53","modified_gmt":"2024-05-29T14:01:53","slug":"roger-mas","status":"publish","type":"tribe_events","link":"https:\/\/www.festivalemergent.cat\/es\/event\/roger-mas\/","title":{"rendered":"Roger Mas"},"content":{"rendered":"<p>Todas las flores, un trabajo luminosamente distinto, con diez canciones nuevas. Coincidiendo con los 25 a\u00f1os desde que todo empez\u00f3, public\u00f3 el und\u00e9cimo disco en un momento de m\u00e1xima creatividad y con varios proyectos emprendidos. Con Todas las flores el artista nos aboca dulcemente al v\u00e9rtigo de las emociones m\u00e1s explosivas.<\/p>\n","protected":false},"excerpt":{"rendered":"<p>Todas las flores, un trabajo luminosamente distinto, con diez canciones nuevas. Coincidiendo con los 25 a\u00f1os desde que todo empez\u00f3, public\u00f3 el und\u00e9cimo disco en un momento de m\u00e1xima creatividad [&hellip;]<\/p>\n","protected":false},"author":1,"featured_media":2122,"template":"","meta":{"_et_pb_use_builder":"off","_et_pb_old_content":"","_et_gb_content_width":"","_tribe_events_status":"","_tribe_events_status_reason":"","footnotes":""},"tags":[],"tribe_events_cat":[186],"class_list":["post-2463","tribe_events","type-tribe_events","status-publish","has-post-thumbnail","hentry","tribe_events_cat-fornells-de-la-selva-es","cat_fornells-de-la-selva-es"],"yoast_head":"<!-- This site is optimized with the Yoast SEO plugin v27.5 - https:\/\/yoast.com\/product\/yoast-seo-wordpress\/ -->\n<title>Roger Mas - Festival Emergent<\/title>\n<meta name=\"robots\" content=\"index, follow, max-snippet:-1, max-image-preview:large, max-video-preview:-1\" \/>\n<link rel=\"canonical\" href=\"https:\/\/www.festivalemergent.cat\/event\/roger-mas\/\" \/>\n<meta property=\"og:locale\" content=\"es_ES\" \/>\n<meta property=\"og:type\" content=\"article\" \/>\n<meta property=\"og:title\" content=\"Roger Mas - Festival Emergent\" \/>\n<meta property=\"og:description\" content=\"Todas las flores, un trabajo luminosamente distinto, con diez canciones nuevas. Coincidiendo con los 25 a\u00f1os desde que todo empez\u00f3, public\u00f3 el und\u00e9cimo disco en un momento de m\u00e1xima creatividad [&hellip;]\" \/>\n<meta property=\"og:url\" content=\"https:\/\/www.festivalemergent.cat\/event\/roger-mas\/\" \/>\n<meta property=\"og:site_name\" content=\"Festival Emergent\" \/>\n<meta property=\"og:image\" content=\"https:\/\/www.festivalemergent.cat\/wp-content\/uploads\/2024\/05\/ROGER-MAS-4-totes-les-flors-Foto-Marc-Trilla-scaled.jpg\" \/>\n\t<meta property=\"og:image:width\" content=\"1707\" \/>\n\t<meta property=\"og:image:height\" content=\"2560\" \/>\n\t<meta property=\"og:image:type\" content=\"image\/jpeg\" \/>\n<meta name=\"twitter:card\" content=\"summary_large_image\" \/>\n<script type=\"application\/ld+json\" class=\"yoast-schema-graph\">{\"@context\":\"https:\\\/\\\/schema.org\",\"@graph\":[{\"@type\":\"WebPage\",\"@id\":\"https:\\\/\\\/www.festivalemergent.cat\\\/event\\\/roger-mas\\\/\",\"url\":\"https:\\\/\\\/www.festivalemergent.cat\\\/event\\\/roger-mas\\\/\",\"name\":\"Roger Mas - Festival Emergent\",\"isPartOf\":{\"@id\":\"https:\\\/\\\/www.festivalemergent.cat\\\/#website\"},\"primaryImageOfPage\":{\"@id\":\"https:\\\/\\\/www.festivalemergent.cat\\\/event\\\/roger-mas\\\/#primaryimage\"},\"image\":{\"@id\":\"https:\\\/\\\/www.festivalemergent.cat\\\/event\\\/roger-mas\\\/#primaryimage\"},\"thumbnailUrl\":\"https:\\\/\\\/www.festivalemergent.cat\\\/wp-content\\\/uploads\\\/2024\\\/05\\\/ROGER-MAS-4-totes-les-flors-Foto-Marc-Trilla-scaled.jpg\",\"datePublished\":\"2024-05-29T14:01:53+00:00\",\"breadcrumb\":{\"@id\":\"https:\\\/\\\/www.festivalemergent.cat\\\/event\\\/roger-mas\\\/#breadcrumb\"},\"inLanguage\":\"es\",\"potentialAction\":[{\"@type\":\"ReadAction\",\"target\":[\"https:\\\/\\\/www.festivalemergent.cat\\\/event\\\/roger-mas\\\/\"]}]},{\"@type\":\"ImageObject\",\"inLanguage\":\"es\",\"@id\":\"https:\\\/\\\/www.festivalemergent.cat\\\/event\\\/roger-mas\\\/#primaryimage\",\"url\":\"https:\\\/\\\/www.festivalemergent.cat\\\/wp-content\\\/uploads\\\/2024\\\/05\\\/ROGER-MAS-4-totes-les-flors-Foto-Marc-Trilla-scaled.jpg\",\"contentUrl\":\"https:\\\/\\\/www.festivalemergent.cat\\\/wp-content\\\/uploads\\\/2024\\\/05\\\/ROGER-MAS-4-totes-les-flors-Foto-Marc-Trilla-scaled.jpg\",\"width\":1707,\"height\":2560},{\"@type\":\"BreadcrumbList\",\"@id\":\"https:\\\/\\\/www.festivalemergent.cat\\\/event\\\/roger-mas\\\/#breadcrumb\",\"itemListElement\":[{\"@type\":\"ListItem\",\"position\":1,\"name\":\"Inici\",\"item\":\"https:\\\/\\\/www.festivalemergent.cat\\\/\"},{\"@type\":\"ListItem\",\"position\":2,\"name\":\"Esdeveniments\",\"item\":\"https:\\\/\\\/www.festivalemergent.cat\\\/esdeveniments\\\/\"},{\"@type\":\"ListItem\",\"position\":3,\"name\":\"Roger Mas\"}]},{\"@type\":\"WebSite\",\"@id\":\"https:\\\/\\\/www.festivalemergent.cat\\\/#website\",\"url\":\"https:\\\/\\\/www.festivalemergent.cat\\\/\",\"name\":\"Festival Emergent\",\"description\":\"Festival d&#039;arts en viu del Giron\u00e8s\",\"potentialAction\":[{\"@type\":\"SearchAction\",\"target\":{\"@type\":\"EntryPoint\",\"urlTemplate\":\"https:\\\/\\\/www.festivalemergent.cat\\\/?s={search_term_string}\"},\"query-input\":{\"@type\":\"PropertyValueSpecification\",\"valueRequired\":true,\"valueName\":\"search_term_string\"}}],\"inLanguage\":\"es\"}]}<\/script>\n<!-- \/ Yoast SEO plugin. -->","yoast_head_json":{"title":"Roger Mas - Festival Emergent","robots":{"index":"index","follow":"follow","max-snippet":"max-snippet:-1","max-image-preview":"max-image-preview:large","max-video-preview":"max-video-preview:-1"},"canonical":"https:\/\/www.festivalemergent.cat\/event\/roger-mas\/","og_locale":"es_ES","og_type":"article","og_title":"Roger Mas - Festival Emergent","og_description":"Todas las flores, un trabajo luminosamente distinto, con diez canciones nuevas. Coincidiendo con los 25 a\u00f1os desde que todo empez\u00f3, public\u00f3 el und\u00e9cimo disco en un momento de m\u00e1xima creatividad [&hellip;]","og_url":"https:\/\/www.festivalemergent.cat\/event\/roger-mas\/","og_site_name":"Festival Emergent","og_image":[{"width":1707,"height":2560,"url":"https:\/\/www.festivalemergent.cat\/wp-content\/uploads\/2024\/05\/ROGER-MAS-4-totes-les-flors-Foto-Marc-Trilla-scaled.jpg","type":"image\/jpeg"}],"twitter_card":"summary_large_image","schema":{"@context":"https:\/\/schema.org","@graph":[{"@type":"WebPage","@id":"https:\/\/www.festivalemergent.cat\/event\/roger-mas\/","url":"https:\/\/www.festivalemergent.cat\/event\/roger-mas\/","name":"Roger Mas - Festival Emergent","isPartOf":{"@id":"https:\/\/www.festivalemergent.cat\/#website"},"primaryImageOfPage":{"@id":"https:\/\/www.festivalemergent.cat\/event\/roger-mas\/#primaryimage"},"image":{"@id":"https:\/\/www.festivalemergent.cat\/event\/roger-mas\/#primaryimage"},"thumbnailUrl":"https:\/\/www.festivalemergent.cat\/wp-content\/uploads\/2024\/05\/ROGER-MAS-4-totes-les-flors-Foto-Marc-Trilla-scaled.jpg","datePublished":"2024-05-29T14:01:53+00:00","breadcrumb":{"@id":"https:\/\/www.festivalemergent.cat\/event\/roger-mas\/#breadcrumb"},"inLanguage":"es","potentialAction":[{"@type":"ReadAction","target":["https:\/\/www.festivalemergent.cat\/event\/roger-mas\/"]}]},{"@type":"ImageObject","inLanguage":"es","@id":"https:\/\/www.festivalemergent.cat\/event\/roger-mas\/#primaryimage","url":"https:\/\/www.festivalemergent.cat\/wp-content\/uploads\/2024\/05\/ROGER-MAS-4-totes-les-flors-Foto-Marc-Trilla-scaled.jpg","contentUrl":"https:\/\/www.festivalemergent.cat\/wp-content\/uploads\/2024\/05\/ROGER-MAS-4-totes-les-flors-Foto-Marc-Trilla-scaled.jpg","width":1707,"height":2560},{"@type":"BreadcrumbList","@id":"https:\/\/www.festivalemergent.cat\/event\/roger-mas\/#breadcrumb","itemListElement":[{"@type":"ListItem","position":1,"name":"Inici","item":"https:\/\/www.festivalemergent.cat\/"},{"@type":"ListItem","position":2,"name":"Esdeveniments","item":"https:\/\/www.festivalemergent.cat\/esdeveniments\/"},{"@type":"ListItem","position":3,"name":"Roger Mas"}]},{"@type":"WebSite","@id":"https:\/\/www.festivalemergent.cat\/#website","url":"https:\/\/www.festivalemergent.cat\/","name":"Festival Emergent","description":"Festival d&#039;arts en viu del Giron\u00e8s","potentialAction":[{"@type":"SearchAction","target":{"@type":"EntryPoint","urlTemplate":"https:\/\/www.festivalemergent.cat\/?s={search_term_string}"},"query-input":{"@type":"PropertyValueSpecification","valueRequired":true,"valueName":"search_term_string"}}],"inLanguage":"es"}]}},"_links":{"self":[{"href":"https:\/\/www.festivalemergent.cat\/es\/wp-json\/wp\/v2\/tribe_events\/2463","targetHints":{"allow":["GET"]}}],"collection":[{"href":"https:\/\/www.festivalemergent.cat\/es\/wp-json\/wp\/v2\/tribe_events"}],"about":[{"href":"https:\/\/www.festivalemergent.cat\/es\/wp-json\/wp\/v2\/types\/tribe_events"}],"author":[{"embeddable":true,"href":"https:\/\/www.festivalemergent.cat\/es\/wp-json\/wp\/v2\/users\/1"}],"version-history":[{"count":0,"href":"https:\/\/www.festivalemergent.cat\/es\/wp-json\/wp\/v2\/tribe_events\/2463\/revisions"}],"wp:featuredmedia":[{"embeddable":true,"href":"https:\/\/www.festivalemergent.cat\/es\/wp-json\/wp\/v2\/media\/2122"}],"wp:attachment":[{"href":"https:\/\/www.festivalemergent.cat\/es\/wp-json\/wp\/v2\/media?parent=2463"}],"wp:term":[{"taxonomy":"post_tag","embeddable":true,"href":"https:\/\/www.festivalemergent.cat\/es\/wp-json\/wp\/v2\/tags?post=2463"},{"taxonomy":"tribe_events_cat","embeddable":true,"href":"https:\/\/www.festivalemergent.cat\/es\/wp-json\/wp\/v2\/tribe_events_cat?post=2463"}],"curies":[{"name":"wp","href":"https:\/\/api.w.org\/{rel}","templated":true}]}}

<p>Todas las flores, un trabajo luminosamente distinto, con diez canciones nuevas. Coincidiendo con los 25 años desde que todo empezó, publicó el undécimo disco en un momento de máxima creatividad y con varios proyectos emprendidos. Con Todas las flores el artista nos aboca dulcemente al vértigo de las emociones más explosivas.</p>

<p>Todas las flores, un trabajo luminosamente distinto, con diez canciones nuevas. Coincidiendo con los 25 años desde que todo empezó, publicó el undécimo disco en un momento de máxima creatividad [&hellip;]</p>

<!-- This site is optimized with the Yoast SEO plugin v27.5 - https://yoast.com/product/yoast-seo-wordpress/ -->
<title>Roger Mas - Festival Emergent</title>
<meta name="robots" content="index, follow, max-snippet:-1, max-image-preview:large, max-video-preview:-1" />
<link rel="canonical" href="https://www.festivalemergent.cat/event/roger-mas/" />
<meta property="og:locale" content="es_ES" />
<meta property="og:type" content="article" />
<meta property="og:title" content="Roger Mas - Festival Emergent" />
<meta property="og:description" content="Todas las flores, un trabajo luminosamente distinto, con diez canciones nuevas. Coincidiendo con los 25 años desde que todo empezó, publicó el undécimo disco en un momento de máxima creatividad [&hellip;]" />
<meta property="og:url" content="https://www.festivalemergent.cat/event/roger-mas/" />
<meta property="og:site_name" content="Festival Emergent" />
<meta property="og:image" content="https://www.festivalemergent.cat/wp-content/uploads/2024/05/ROGER-MAS-4-totes-les-flors-Foto-Marc-Trilla-scaled.jpg" />
	<meta property="og:image:width" content="1707" />
	<meta property="og:image:height" content="2560" />
	<meta property="og:image:type" content="image/jpeg" />
<meta name="twitter:card" content="summary_large_image" />
<script type="application/ld+json" class="yoast-schema-graph">{"@context":"https:\/\/schema.org","@graph":[{"@type":"WebPage","@id":"https:\/\/www.festivalemergent.cat\/event\/roger-mas\/","url":"https:\/\/www.festivalemergent.cat\/event\/roger-mas\/","name":"Roger Mas - Festival Emergent","isPartOf":{"@id":"https:\/\/www.festivalemergent.cat\/#website"},"primaryImageOfPage":{"@id":"https:\/\/www.festivalemergent.cat\/event\/roger-mas\/#primaryimage"},"image":{"@id":"https:\/\/www.festivalemergent.cat\/event\/roger-mas\/#primaryimage"},"thumbnailUrl":"https:\/\/www.festivalemergent.cat\/wp-content\/uploads\/2024\/05\/ROGER-MAS-4-totes-les-flors-Foto-Marc-Trilla-scaled.jpg","datePublished":"2024-05-29T14:01:53+00:00","breadcrumb":{"@id":"https:\/\/www.festivalemergent.cat\/event\/roger-mas\/#breadcrumb"},"inLanguage":"es","potentialAction":[{"@type":"ReadAction","target":["https:\/\/www.festivalemergent.cat\/event\/roger-mas\/"]}]},{"@type":"ImageObject","inLanguage":"es","@id":"https:\/\/www.festivalemergent.cat\/event\/roger-mas\/#primaryimage","url":"https:\/\/www.festivalemergent.cat\/wp-content\/uploads\/2024\/05\/ROGER-MAS-4-totes-les-flors-Foto-Marc-Trilla-scaled.jpg","contentUrl":"https:\/\/www.festivalemergent.cat\/wp-content\/uploads\/2024\/05\/ROGER-MAS-4-totes-les-flors-Foto-Marc-Trilla-scaled.jpg","width":1707,"height":2560},{"@type":"BreadcrumbList","@id":"https:\/\/www.festivalemergent.cat\/event\/roger-mas\/#breadcrumb","itemListElement":[{"@type":"ListItem","position":1,"name":"Inici","item":"https:\/\/www.festivalemergent.cat\/"},{"@type":"ListItem","position":2,"name":"Esdeveniments","item":"https:\/\/www.festivalemergent.cat\/esdeveniments\/"},{"@type":"ListItem","position":3,"name":"Roger Mas"}]},{"@type":"WebSite","@id":"https:\/\/www.festivalemergent.cat\/#website","url":"https:\/\/www.festivalemergent.cat\/","name":"Festival Emergent","description":"Festival d&#039;arts en viu del Gironès","potentialAction":[{"@type":"SearchAction","target":{"@type":"EntryPoint","urlTemplate":"https:\/\/www.festivalemergent.cat\/?s={search_term_string}"},"query-input":{"@type":"PropertyValueSpecification","valueRequired":true,"valueName":"search_term_string"}}],"inLanguage":"es"}]}</script>
<!-- / Yoast SEO plugin. -->

Todas las flores, un trabajo luminosamente distinto, con diez canciones nuevas. Coincidiendo con los 25 años desde que todo empezó, publicó el undécimo disco en un momento de máxima creatividad [&hellip;]

Festival d&#039;arts en viu del Gironès
