{"id":2451,"date":"2024-05-29T16:18:41","date_gmt":"2024-05-29T14:18:41","guid":{"rendered":"https:\/\/www.festivalemergent.cat\/event\/socunbohemio\/"},"modified":"2024-05-29T16:18:41","modified_gmt":"2024-05-29T14:18:41","slug":"socunbohemio","status":"publish","type":"tribe_events","link":"https:\/\/www.festivalemergent.cat\/es\/event\/socunbohemio\/","title":{"rendered":"Socunbohemio"},"content":{"rendered":"<p>Con \u201cCoche casa perro t\u00fa y yo\u201d Socunbohemio comparte su mundo \u00edntimo, explorando temas como el tiempo, el amor, los miedos, los deseos, las amistades perdidas y reencontradas, las esperanzas futuras y las rasgadas. Cada letra abre una ventana a su alma, creando una conexi\u00f3n<br \/>\ngenuina, que no s\u00f3lo te impulsa a bailar, sino tambi\u00e9n a reflexionar y conectar con tus propias emociones. Este EP no es meramente una producci\u00f3n musical; es una expresi\u00f3n art\u00edstica que resuena con autenticidad y originalidad.<\/p>\n","protected":false},"excerpt":{"rendered":"<p>Con \u201cCoche casa perro t\u00fa y yo\u201d Socunbohemio comparte su mundo \u00edntimo, explorando temas como el tiempo, el amor, los miedos, los deseos, las amistades perdidas y reencontradas, las esperanzas [&hellip;]<\/p>\n","protected":false},"author":1,"featured_media":2131,"template":"","meta":{"_et_pb_use_builder":"off","_et_pb_old_content":"","_et_gb_content_width":"","_tribe_events_status":"","_tribe_events_status_reason":"","footnotes":""},"tags":[],"tribe_events_cat":[184],"class_list":["post-2451","tribe_events","type-tribe_events","status-publish","has-post-thumbnail","hentry","tribe_events_cat-cassa-de-la-selva-es","cat_cassa-de-la-selva-es"],"yoast_head":"<!-- This site is optimized with the Yoast SEO plugin v27.5 - https:\/\/yoast.com\/product\/yoast-seo-wordpress\/ -->\n<title>Socunbohemio - Festival Emergent<\/title>\n<meta name=\"robots\" content=\"index, follow, max-snippet:-1, max-image-preview:large, max-video-preview:-1\" \/>\n<link rel=\"canonical\" href=\"https:\/\/www.festivalemergent.cat\/event\/socunbohemio\/\" \/>\n<meta property=\"og:locale\" content=\"es_ES\" \/>\n<meta property=\"og:type\" content=\"article\" \/>\n<meta property=\"og:title\" content=\"Socunbohemio - Festival Emergent\" \/>\n<meta property=\"og:description\" content=\"Con \u201cCoche casa perro t\u00fa y yo\u201d Socunbohemio comparte su mundo \u00edntimo, explorando temas como el tiempo, el amor, los miedos, los deseos, las amistades perdidas y reencontradas, las esperanzas [&hellip;]\" \/>\n<meta property=\"og:url\" content=\"https:\/\/www.festivalemergent.cat\/event\/socunbohemio\/\" \/>\n<meta property=\"og:site_name\" content=\"Festival Emergent\" \/>\n<meta property=\"og:image\" content=\"https:\/\/www.festivalemergent.cat\/wp-content\/uploads\/2024\/05\/socunbohemio-9-1024x683.jpg\" \/>\n\t<meta property=\"og:image:width\" content=\"1024\" \/>\n\t<meta property=\"og:image:height\" content=\"683\" \/>\n\t<meta property=\"og:image:type\" content=\"image\/jpeg\" \/>\n<meta name=\"twitter:card\" content=\"summary_large_image\" \/>\n<script type=\"application\/ld+json\" class=\"yoast-schema-graph\">{\"@context\":\"https:\\\/\\\/schema.org\",\"@graph\":[{\"@type\":\"WebPage\",\"@id\":\"https:\\\/\\\/www.festivalemergent.cat\\\/event\\\/socunbohemio\\\/\",\"url\":\"https:\\\/\\\/www.festivalemergent.cat\\\/event\\\/socunbohemio\\\/\",\"name\":\"Socunbohemio - Festival Emergent\",\"isPartOf\":{\"@id\":\"https:\\\/\\\/www.festivalemergent.cat\\\/#website\"},\"primaryImageOfPage\":{\"@id\":\"https:\\\/\\\/www.festivalemergent.cat\\\/event\\\/socunbohemio\\\/#primaryimage\"},\"image\":{\"@id\":\"https:\\\/\\\/www.festivalemergent.cat\\\/event\\\/socunbohemio\\\/#primaryimage\"},\"thumbnailUrl\":\"https:\\\/\\\/www.festivalemergent.cat\\\/wp-content\\\/uploads\\\/2024\\\/05\\\/socunbohemio-9.jpg\",\"datePublished\":\"2024-05-29T14:18:41+00:00\",\"breadcrumb\":{\"@id\":\"https:\\\/\\\/www.festivalemergent.cat\\\/event\\\/socunbohemio\\\/#breadcrumb\"},\"inLanguage\":\"es\",\"potentialAction\":[{\"@type\":\"ReadAction\",\"target\":[\"https:\\\/\\\/www.festivalemergent.cat\\\/event\\\/socunbohemio\\\/\"]}]},{\"@type\":\"ImageObject\",\"inLanguage\":\"es\",\"@id\":\"https:\\\/\\\/www.festivalemergent.cat\\\/event\\\/socunbohemio\\\/#primaryimage\",\"url\":\"https:\\\/\\\/www.festivalemergent.cat\\\/wp-content\\\/uploads\\\/2024\\\/05\\\/socunbohemio-9.jpg\",\"contentUrl\":\"https:\\\/\\\/www.festivalemergent.cat\\\/wp-content\\\/uploads\\\/2024\\\/05\\\/socunbohemio-9.jpg\",\"width\":1920,\"height\":1280},{\"@type\":\"BreadcrumbList\",\"@id\":\"https:\\\/\\\/www.festivalemergent.cat\\\/event\\\/socunbohemio\\\/#breadcrumb\",\"itemListElement\":[{\"@type\":\"ListItem\",\"position\":1,\"name\":\"Inici\",\"item\":\"https:\\\/\\\/www.festivalemergent.cat\\\/\"},{\"@type\":\"ListItem\",\"position\":2,\"name\":\"Esdeveniments\",\"item\":\"https:\\\/\\\/www.festivalemergent.cat\\\/esdeveniments\\\/\"},{\"@type\":\"ListItem\",\"position\":3,\"name\":\"Socunbohemio\"}]},{\"@type\":\"WebSite\",\"@id\":\"https:\\\/\\\/www.festivalemergent.cat\\\/#website\",\"url\":\"https:\\\/\\\/www.festivalemergent.cat\\\/\",\"name\":\"Festival Emergent\",\"description\":\"Festival d&#039;arts en viu del Giron\u00e8s\",\"potentialAction\":[{\"@type\":\"SearchAction\",\"target\":{\"@type\":\"EntryPoint\",\"urlTemplate\":\"https:\\\/\\\/www.festivalemergent.cat\\\/?s={search_term_string}\"},\"query-input\":{\"@type\":\"PropertyValueSpecification\",\"valueRequired\":true,\"valueName\":\"search_term_string\"}}],\"inLanguage\":\"es\"}]}<\/script>\n<!-- \/ Yoast SEO plugin. -->","yoast_head_json":{"title":"Socunbohemio - Festival Emergent","robots":{"index":"index","follow":"follow","max-snippet":"max-snippet:-1","max-image-preview":"max-image-preview:large","max-video-preview":"max-video-preview:-1"},"canonical":"https:\/\/www.festivalemergent.cat\/event\/socunbohemio\/","og_locale":"es_ES","og_type":"article","og_title":"Socunbohemio - Festival Emergent","og_description":"Con \u201cCoche casa perro t\u00fa y yo\u201d Socunbohemio comparte su mundo \u00edntimo, explorando temas como el tiempo, el amor, los miedos, los deseos, las amistades perdidas y reencontradas, las esperanzas [&hellip;]","og_url":"https:\/\/www.festivalemergent.cat\/event\/socunbohemio\/","og_site_name":"Festival Emergent","og_image":[{"width":1024,"height":683,"url":"https:\/\/www.festivalemergent.cat\/wp-content\/uploads\/2024\/05\/socunbohemio-9-1024x683.jpg","type":"image\/jpeg"}],"twitter_card":"summary_large_image","schema":{"@context":"https:\/\/schema.org","@graph":[{"@type":"WebPage","@id":"https:\/\/www.festivalemergent.cat\/event\/socunbohemio\/","url":"https:\/\/www.festivalemergent.cat\/event\/socunbohemio\/","name":"Socunbohemio - Festival Emergent","isPartOf":{"@id":"https:\/\/www.festivalemergent.cat\/#website"},"primaryImageOfPage":{"@id":"https:\/\/www.festivalemergent.cat\/event\/socunbohemio\/#primaryimage"},"image":{"@id":"https:\/\/www.festivalemergent.cat\/event\/socunbohemio\/#primaryimage"},"thumbnailUrl":"https:\/\/www.festivalemergent.cat\/wp-content\/uploads\/2024\/05\/socunbohemio-9.jpg","datePublished":"2024-05-29T14:18:41+00:00","breadcrumb":{"@id":"https:\/\/www.festivalemergent.cat\/event\/socunbohemio\/#breadcrumb"},"inLanguage":"es","potentialAction":[{"@type":"ReadAction","target":["https:\/\/www.festivalemergent.cat\/event\/socunbohemio\/"]}]},{"@type":"ImageObject","inLanguage":"es","@id":"https:\/\/www.festivalemergent.cat\/event\/socunbohemio\/#primaryimage","url":"https:\/\/www.festivalemergent.cat\/wp-content\/uploads\/2024\/05\/socunbohemio-9.jpg","contentUrl":"https:\/\/www.festivalemergent.cat\/wp-content\/uploads\/2024\/05\/socunbohemio-9.jpg","width":1920,"height":1280},{"@type":"BreadcrumbList","@id":"https:\/\/www.festivalemergent.cat\/event\/socunbohemio\/#breadcrumb","itemListElement":[{"@type":"ListItem","position":1,"name":"Inici","item":"https:\/\/www.festivalemergent.cat\/"},{"@type":"ListItem","position":2,"name":"Esdeveniments","item":"https:\/\/www.festivalemergent.cat\/esdeveniments\/"},{"@type":"ListItem","position":3,"name":"Socunbohemio"}]},{"@type":"WebSite","@id":"https:\/\/www.festivalemergent.cat\/#website","url":"https:\/\/www.festivalemergent.cat\/","name":"Festival Emergent","description":"Festival d&#039;arts en viu del Giron\u00e8s","potentialAction":[{"@type":"SearchAction","target":{"@type":"EntryPoint","urlTemplate":"https:\/\/www.festivalemergent.cat\/?s={search_term_string}"},"query-input":{"@type":"PropertyValueSpecification","valueRequired":true,"valueName":"search_term_string"}}],"inLanguage":"es"}]}},"_links":{"self":[{"href":"https:\/\/www.festivalemergent.cat\/es\/wp-json\/wp\/v2\/tribe_events\/2451","targetHints":{"allow":["GET"]}}],"collection":[{"href":"https:\/\/www.festivalemergent.cat\/es\/wp-json\/wp\/v2\/tribe_events"}],"about":[{"href":"https:\/\/www.festivalemergent.cat\/es\/wp-json\/wp\/v2\/types\/tribe_events"}],"author":[{"embeddable":true,"href":"https:\/\/www.festivalemergent.cat\/es\/wp-json\/wp\/v2\/users\/1"}],"version-history":[{"count":0,"href":"https:\/\/www.festivalemergent.cat\/es\/wp-json\/wp\/v2\/tribe_events\/2451\/revisions"}],"wp:featuredmedia":[{"embeddable":true,"href":"https:\/\/www.festivalemergent.cat\/es\/wp-json\/wp\/v2\/media\/2131"}],"wp:attachment":[{"href":"https:\/\/www.festivalemergent.cat\/es\/wp-json\/wp\/v2\/media?parent=2451"}],"wp:term":[{"taxonomy":"post_tag","embeddable":true,"href":"https:\/\/www.festivalemergent.cat\/es\/wp-json\/wp\/v2\/tags?post=2451"},{"taxonomy":"tribe_events_cat","embeddable":true,"href":"https:\/\/www.festivalemergent.cat\/es\/wp-json\/wp\/v2\/tribe_events_cat?post=2451"}],"curies":[{"name":"wp","href":"https:\/\/api.w.org\/{rel}","templated":true}]}}

<p>Con “Coche casa perro tú y yo” Socunbohemio comparte su mundo íntimo, explorando temas como el tiempo, el amor, los miedos, los deseos, las amistades perdidas y reencontradas, las esperanzas futuras y las rasgadas. Cada letra abre una ventana a su alma, creando una conexión<br />
genuina, que no sólo te impulsa a bailar, sino también a reflexionar y conectar con tus propias emociones. Este EP no es meramente una producción musical; es una expresión artística que resuena con autenticidad y originalidad.</p>

<p>Con “Coche casa perro tú y yo” Socunbohemio comparte su mundo íntimo, explorando temas como el tiempo, el amor, los miedos, los deseos, las amistades perdidas y reencontradas, las esperanzas [&hellip;]</p>

<!-- This site is optimized with the Yoast SEO plugin v27.5 - https://yoast.com/product/yoast-seo-wordpress/ -->
<title>Socunbohemio - Festival Emergent</title>
<meta name="robots" content="index, follow, max-snippet:-1, max-image-preview:large, max-video-preview:-1" />
<link rel="canonical" href="https://www.festivalemergent.cat/event/socunbohemio/" />
<meta property="og:locale" content="es_ES" />
<meta property="og:type" content="article" />
<meta property="og:title" content="Socunbohemio - Festival Emergent" />
<meta property="og:description" content="Con “Coche casa perro tú y yo” Socunbohemio comparte su mundo íntimo, explorando temas como el tiempo, el amor, los miedos, los deseos, las amistades perdidas y reencontradas, las esperanzas [&hellip;]" />
<meta property="og:url" content="https://www.festivalemergent.cat/event/socunbohemio/" />
<meta property="og:site_name" content="Festival Emergent" />
<meta property="og:image" content="https://www.festivalemergent.cat/wp-content/uploads/2024/05/socunbohemio-9-1024x683.jpg" />
	<meta property="og:image:width" content="1024" />
	<meta property="og:image:height" content="683" />
	<meta property="og:image:type" content="image/jpeg" />
<meta name="twitter:card" content="summary_large_image" />
<script type="application/ld+json" class="yoast-schema-graph">{"@context":"https:\/\/schema.org","@graph":[{"@type":"WebPage","@id":"https:\/\/www.festivalemergent.cat\/event\/socunbohemio\/","url":"https:\/\/www.festivalemergent.cat\/event\/socunbohemio\/","name":"Socunbohemio - Festival Emergent","isPartOf":{"@id":"https:\/\/www.festivalemergent.cat\/#website"},"primaryImageOfPage":{"@id":"https:\/\/www.festivalemergent.cat\/event\/socunbohemio\/#primaryimage"},"image":{"@id":"https:\/\/www.festivalemergent.cat\/event\/socunbohemio\/#primaryimage"},"thumbnailUrl":"https:\/\/www.festivalemergent.cat\/wp-content\/uploads\/2024\/05\/socunbohemio-9.jpg","datePublished":"2024-05-29T14:18:41+00:00","breadcrumb":{"@id":"https:\/\/www.festivalemergent.cat\/event\/socunbohemio\/#breadcrumb"},"inLanguage":"es","potentialAction":[{"@type":"ReadAction","target":["https:\/\/www.festivalemergent.cat\/event\/socunbohemio\/"]}]},{"@type":"ImageObject","inLanguage":"es","@id":"https:\/\/www.festivalemergent.cat\/event\/socunbohemio\/#primaryimage","url":"https:\/\/www.festivalemergent.cat\/wp-content\/uploads\/2024\/05\/socunbohemio-9.jpg","contentUrl":"https:\/\/www.festivalemergent.cat\/wp-content\/uploads\/2024\/05\/socunbohemio-9.jpg","width":1920,"height":1280},{"@type":"BreadcrumbList","@id":"https:\/\/www.festivalemergent.cat\/event\/socunbohemio\/#breadcrumb","itemListElement":[{"@type":"ListItem","position":1,"name":"Inici","item":"https:\/\/www.festivalemergent.cat\/"},{"@type":"ListItem","position":2,"name":"Esdeveniments","item":"https:\/\/www.festivalemergent.cat\/esdeveniments\/"},{"@type":"ListItem","position":3,"name":"Socunbohemio"}]},{"@type":"WebSite","@id":"https:\/\/www.festivalemergent.cat\/#website","url":"https:\/\/www.festivalemergent.cat\/","name":"Festival Emergent","description":"Festival d&#039;arts en viu del Gironès","potentialAction":[{"@type":"SearchAction","target":{"@type":"EntryPoint","urlTemplate":"https:\/\/www.festivalemergent.cat\/?s={search_term_string}"},"query-input":{"@type":"PropertyValueSpecification","valueRequired":true,"valueName":"search_term_string"}}],"inLanguage":"es"}]}</script>
<!-- / Yoast SEO plugin. -->

Con “Coche casa perro tú y yo” Socunbohemio comparte su mundo íntimo, explorando temas como el tiempo, el amor, los miedos, los deseos, las amistades perdidas y reencontradas, las esperanzas [&hellip;]

Festival d&#039;arts en viu del Gironès
