{"id":2447,"date":"2024-05-29T16:30:09","date_gmt":"2024-05-29T14:30:09","guid":{"rendered":"https:\/\/www.festivalemergent.cat\/event\/alosa\/"},"modified":"2024-05-29T16:30:09","modified_gmt":"2024-05-29T14:30:09","slug":"alosa","status":"publish","type":"tribe_events","link":"https:\/\/www.festivalemergent.cat\/es\/event\/alosa\/","title":{"rendered":"Alosa"},"content":{"rendered":"<p>Lo que m\u00e1s repentina de Alosa es la capacidad de crear canciones llenas y redondas s\u00f3lo con dos integrantes, sin que se eche de menos m\u00e1s. La voz hipn\u00f3tica de Giulietta empasta a la perfecci\u00f3n con el energ\u00e9tico violonchelo de Irene que, aunque se asocia como un instrumento \u201ccl\u00e1sico\u201d, ella lo convierte en moderno y tradicional.<\/p>\n","protected":false},"excerpt":{"rendered":"<p>Lo que m\u00e1s repentina de Alosa es la capacidad de crear canciones llenas y redondas s\u00f3lo con dos integrantes, sin que se eche de menos m\u00e1s. La voz hipn\u00f3tica de [&hellip;]<\/p>\n","protected":false},"author":1,"featured_media":2072,"template":"","meta":{"_et_pb_use_builder":"off","_et_pb_old_content":"","_et_gb_content_width":"","_tribe_events_status":"","_tribe_events_status_reason":"","footnotes":""},"tags":[],"tribe_events_cat":[188],"class_list":["post-2447","tribe_events","type-tribe_events","status-publish","has-post-thumbnail","hentry","tribe_events_cat-madremanya-es","cat_madremanya-es"],"yoast_head":"<!-- This site is optimized with the Yoast SEO plugin v27.5 - https:\/\/yoast.com\/product\/yoast-seo-wordpress\/ -->\n<title>Alosa - Festival Emergent<\/title>\n<meta name=\"robots\" content=\"index, follow, max-snippet:-1, max-image-preview:large, max-video-preview:-1\" \/>\n<link rel=\"canonical\" href=\"https:\/\/www.festivalemergent.cat\/event\/alosa\/\" \/>\n<meta property=\"og:locale\" content=\"es_ES\" \/>\n<meta property=\"og:type\" content=\"article\" \/>\n<meta property=\"og:title\" content=\"Alosa - Festival Emergent\" \/>\n<meta property=\"og:description\" content=\"Lo que m\u00e1s repentina de Alosa es la capacidad de crear canciones llenas y redondas s\u00f3lo con dos integrantes, sin que se eche de menos m\u00e1s. La voz hipn\u00f3tica de [&hellip;]\" \/>\n<meta property=\"og:url\" content=\"https:\/\/www.festivalemergent.cat\/event\/alosa\/\" \/>\n<meta property=\"og:site_name\" content=\"Festival Emergent\" \/>\n<meta property=\"og:image\" content=\"https:\/\/www.festivalemergent.cat\/wp-content\/uploads\/2024\/05\/Alosa-2-scaled.jpg\" \/>\n\t<meta property=\"og:image:width\" content=\"2560\" \/>\n\t<meta property=\"og:image:height\" content=\"1716\" \/>\n\t<meta property=\"og:image:type\" content=\"image\/jpeg\" \/>\n<meta name=\"twitter:card\" content=\"summary_large_image\" \/>\n<script type=\"application\/ld+json\" class=\"yoast-schema-graph\">{\"@context\":\"https:\\\/\\\/schema.org\",\"@graph\":[{\"@type\":\"WebPage\",\"@id\":\"https:\\\/\\\/www.festivalemergent.cat\\\/event\\\/alosa\\\/\",\"url\":\"https:\\\/\\\/www.festivalemergent.cat\\\/event\\\/alosa\\\/\",\"name\":\"Alosa - Festival Emergent\",\"isPartOf\":{\"@id\":\"https:\\\/\\\/www.festivalemergent.cat\\\/#website\"},\"primaryImageOfPage\":{\"@id\":\"https:\\\/\\\/www.festivalemergent.cat\\\/event\\\/alosa\\\/#primaryimage\"},\"image\":{\"@id\":\"https:\\\/\\\/www.festivalemergent.cat\\\/event\\\/alosa\\\/#primaryimage\"},\"thumbnailUrl\":\"https:\\\/\\\/www.festivalemergent.cat\\\/wp-content\\\/uploads\\\/2024\\\/05\\\/Alosa-2-scaled.jpg\",\"datePublished\":\"2024-05-29T14:30:09+00:00\",\"breadcrumb\":{\"@id\":\"https:\\\/\\\/www.festivalemergent.cat\\\/event\\\/alosa\\\/#breadcrumb\"},\"inLanguage\":\"es\",\"potentialAction\":[{\"@type\":\"ReadAction\",\"target\":[\"https:\\\/\\\/www.festivalemergent.cat\\\/event\\\/alosa\\\/\"]}]},{\"@type\":\"ImageObject\",\"inLanguage\":\"es\",\"@id\":\"https:\\\/\\\/www.festivalemergent.cat\\\/event\\\/alosa\\\/#primaryimage\",\"url\":\"https:\\\/\\\/www.festivalemergent.cat\\\/wp-content\\\/uploads\\\/2024\\\/05\\\/Alosa-2-scaled.jpg\",\"contentUrl\":\"https:\\\/\\\/www.festivalemergent.cat\\\/wp-content\\\/uploads\\\/2024\\\/05\\\/Alosa-2-scaled.jpg\",\"width\":2560,\"height\":1716},{\"@type\":\"BreadcrumbList\",\"@id\":\"https:\\\/\\\/www.festivalemergent.cat\\\/event\\\/alosa\\\/#breadcrumb\",\"itemListElement\":[{\"@type\":\"ListItem\",\"position\":1,\"name\":\"Inici\",\"item\":\"https:\\\/\\\/www.festivalemergent.cat\\\/\"},{\"@type\":\"ListItem\",\"position\":2,\"name\":\"Esdeveniments\",\"item\":\"https:\\\/\\\/www.festivalemergent.cat\\\/esdeveniments\\\/\"},{\"@type\":\"ListItem\",\"position\":3,\"name\":\"Alosa\"}]},{\"@type\":\"WebSite\",\"@id\":\"https:\\\/\\\/www.festivalemergent.cat\\\/#website\",\"url\":\"https:\\\/\\\/www.festivalemergent.cat\\\/\",\"name\":\"Festival Emergent\",\"description\":\"Festival d&#039;arts en viu del Giron\u00e8s\",\"potentialAction\":[{\"@type\":\"SearchAction\",\"target\":{\"@type\":\"EntryPoint\",\"urlTemplate\":\"https:\\\/\\\/www.festivalemergent.cat\\\/?s={search_term_string}\"},\"query-input\":{\"@type\":\"PropertyValueSpecification\",\"valueRequired\":true,\"valueName\":\"search_term_string\"}}],\"inLanguage\":\"es\"}]}<\/script>\n<!-- \/ Yoast SEO plugin. -->","yoast_head_json":{"title":"Alosa - Festival Emergent","robots":{"index":"index","follow":"follow","max-snippet":"max-snippet:-1","max-image-preview":"max-image-preview:large","max-video-preview":"max-video-preview:-1"},"canonical":"https:\/\/www.festivalemergent.cat\/event\/alosa\/","og_locale":"es_ES","og_type":"article","og_title":"Alosa - Festival Emergent","og_description":"Lo que m\u00e1s repentina de Alosa es la capacidad de crear canciones llenas y redondas s\u00f3lo con dos integrantes, sin que se eche de menos m\u00e1s. La voz hipn\u00f3tica de [&hellip;]","og_url":"https:\/\/www.festivalemergent.cat\/event\/alosa\/","og_site_name":"Festival Emergent","og_image":[{"width":2560,"height":1716,"url":"https:\/\/www.festivalemergent.cat\/wp-content\/uploads\/2024\/05\/Alosa-2-scaled.jpg","type":"image\/jpeg"}],"twitter_card":"summary_large_image","schema":{"@context":"https:\/\/schema.org","@graph":[{"@type":"WebPage","@id":"https:\/\/www.festivalemergent.cat\/event\/alosa\/","url":"https:\/\/www.festivalemergent.cat\/event\/alosa\/","name":"Alosa - Festival Emergent","isPartOf":{"@id":"https:\/\/www.festivalemergent.cat\/#website"},"primaryImageOfPage":{"@id":"https:\/\/www.festivalemergent.cat\/event\/alosa\/#primaryimage"},"image":{"@id":"https:\/\/www.festivalemergent.cat\/event\/alosa\/#primaryimage"},"thumbnailUrl":"https:\/\/www.festivalemergent.cat\/wp-content\/uploads\/2024\/05\/Alosa-2-scaled.jpg","datePublished":"2024-05-29T14:30:09+00:00","breadcrumb":{"@id":"https:\/\/www.festivalemergent.cat\/event\/alosa\/#breadcrumb"},"inLanguage":"es","potentialAction":[{"@type":"ReadAction","target":["https:\/\/www.festivalemergent.cat\/event\/alosa\/"]}]},{"@type":"ImageObject","inLanguage":"es","@id":"https:\/\/www.festivalemergent.cat\/event\/alosa\/#primaryimage","url":"https:\/\/www.festivalemergent.cat\/wp-content\/uploads\/2024\/05\/Alosa-2-scaled.jpg","contentUrl":"https:\/\/www.festivalemergent.cat\/wp-content\/uploads\/2024\/05\/Alosa-2-scaled.jpg","width":2560,"height":1716},{"@type":"BreadcrumbList","@id":"https:\/\/www.festivalemergent.cat\/event\/alosa\/#breadcrumb","itemListElement":[{"@type":"ListItem","position":1,"name":"Inici","item":"https:\/\/www.festivalemergent.cat\/"},{"@type":"ListItem","position":2,"name":"Esdeveniments","item":"https:\/\/www.festivalemergent.cat\/esdeveniments\/"},{"@type":"ListItem","position":3,"name":"Alosa"}]},{"@type":"WebSite","@id":"https:\/\/www.festivalemergent.cat\/#website","url":"https:\/\/www.festivalemergent.cat\/","name":"Festival Emergent","description":"Festival d&#039;arts en viu del Giron\u00e8s","potentialAction":[{"@type":"SearchAction","target":{"@type":"EntryPoint","urlTemplate":"https:\/\/www.festivalemergent.cat\/?s={search_term_string}"},"query-input":{"@type":"PropertyValueSpecification","valueRequired":true,"valueName":"search_term_string"}}],"inLanguage":"es"}]}},"_links":{"self":[{"href":"https:\/\/www.festivalemergent.cat\/es\/wp-json\/wp\/v2\/tribe_events\/2447","targetHints":{"allow":["GET"]}}],"collection":[{"href":"https:\/\/www.festivalemergent.cat\/es\/wp-json\/wp\/v2\/tribe_events"}],"about":[{"href":"https:\/\/www.festivalemergent.cat\/es\/wp-json\/wp\/v2\/types\/tribe_events"}],"author":[{"embeddable":true,"href":"https:\/\/www.festivalemergent.cat\/es\/wp-json\/wp\/v2\/users\/1"}],"version-history":[{"count":0,"href":"https:\/\/www.festivalemergent.cat\/es\/wp-json\/wp\/v2\/tribe_events\/2447\/revisions"}],"wp:featuredmedia":[{"embeddable":true,"href":"https:\/\/www.festivalemergent.cat\/es\/wp-json\/wp\/v2\/media\/2072"}],"wp:attachment":[{"href":"https:\/\/www.festivalemergent.cat\/es\/wp-json\/wp\/v2\/media?parent=2447"}],"wp:term":[{"taxonomy":"post_tag","embeddable":true,"href":"https:\/\/www.festivalemergent.cat\/es\/wp-json\/wp\/v2\/tags?post=2447"},{"taxonomy":"tribe_events_cat","embeddable":true,"href":"https:\/\/www.festivalemergent.cat\/es\/wp-json\/wp\/v2\/tribe_events_cat?post=2447"}],"curies":[{"name":"wp","href":"https:\/\/api.w.org\/{rel}","templated":true}]}}

<p>Lo que más repentina de Alosa es la capacidad de crear canciones llenas y redondas sólo con dos integrantes, sin que se eche de menos más. La voz hipnótica de Giulietta empasta a la perfección con el energético violonchelo de Irene que, aunque se asocia como un instrumento “clásico”, ella lo convierte en moderno y tradicional.</p>

<p>Lo que más repentina de Alosa es la capacidad de crear canciones llenas y redondas sólo con dos integrantes, sin que se eche de menos más. La voz hipnótica de [&hellip;]</p>

<!-- This site is optimized with the Yoast SEO plugin v27.5 - https://yoast.com/product/yoast-seo-wordpress/ -->
<title>Alosa - Festival Emergent</title>
<meta name="robots" content="index, follow, max-snippet:-1, max-image-preview:large, max-video-preview:-1" />
<link rel="canonical" href="https://www.festivalemergent.cat/event/alosa/" />
<meta property="og:locale" content="es_ES" />
<meta property="og:type" content="article" />
<meta property="og:title" content="Alosa - Festival Emergent" />
<meta property="og:description" content="Lo que más repentina de Alosa es la capacidad de crear canciones llenas y redondas sólo con dos integrantes, sin que se eche de menos más. La voz hipnótica de [&hellip;]" />
<meta property="og:url" content="https://www.festivalemergent.cat/event/alosa/" />
<meta property="og:site_name" content="Festival Emergent" />
<meta property="og:image" content="https://www.festivalemergent.cat/wp-content/uploads/2024/05/Alosa-2-scaled.jpg" />
	<meta property="og:image:width" content="2560" />
	<meta property="og:image:height" content="1716" />
	<meta property="og:image:type" content="image/jpeg" />
<meta name="twitter:card" content="summary_large_image" />
<script type="application/ld+json" class="yoast-schema-graph">{"@context":"https:\/\/schema.org","@graph":[{"@type":"WebPage","@id":"https:\/\/www.festivalemergent.cat\/event\/alosa\/","url":"https:\/\/www.festivalemergent.cat\/event\/alosa\/","name":"Alosa - Festival Emergent","isPartOf":{"@id":"https:\/\/www.festivalemergent.cat\/#website"},"primaryImageOfPage":{"@id":"https:\/\/www.festivalemergent.cat\/event\/alosa\/#primaryimage"},"image":{"@id":"https:\/\/www.festivalemergent.cat\/event\/alosa\/#primaryimage"},"thumbnailUrl":"https:\/\/www.festivalemergent.cat\/wp-content\/uploads\/2024\/05\/Alosa-2-scaled.jpg","datePublished":"2024-05-29T14:30:09+00:00","breadcrumb":{"@id":"https:\/\/www.festivalemergent.cat\/event\/alosa\/#breadcrumb"},"inLanguage":"es","potentialAction":[{"@type":"ReadAction","target":["https:\/\/www.festivalemergent.cat\/event\/alosa\/"]}]},{"@type":"ImageObject","inLanguage":"es","@id":"https:\/\/www.festivalemergent.cat\/event\/alosa\/#primaryimage","url":"https:\/\/www.festivalemergent.cat\/wp-content\/uploads\/2024\/05\/Alosa-2-scaled.jpg","contentUrl":"https:\/\/www.festivalemergent.cat\/wp-content\/uploads\/2024\/05\/Alosa-2-scaled.jpg","width":2560,"height":1716},{"@type":"BreadcrumbList","@id":"https:\/\/www.festivalemergent.cat\/event\/alosa\/#breadcrumb","itemListElement":[{"@type":"ListItem","position":1,"name":"Inici","item":"https:\/\/www.festivalemergent.cat\/"},{"@type":"ListItem","position":2,"name":"Esdeveniments","item":"https:\/\/www.festivalemergent.cat\/esdeveniments\/"},{"@type":"ListItem","position":3,"name":"Alosa"}]},{"@type":"WebSite","@id":"https:\/\/www.festivalemergent.cat\/#website","url":"https:\/\/www.festivalemergent.cat\/","name":"Festival Emergent","description":"Festival d&#039;arts en viu del Gironès","potentialAction":[{"@type":"SearchAction","target":{"@type":"EntryPoint","urlTemplate":"https:\/\/www.festivalemergent.cat\/?s={search_term_string}"},"query-input":{"@type":"PropertyValueSpecification","valueRequired":true,"valueName":"search_term_string"}}],"inLanguage":"es"}]}</script>
<!-- / Yoast SEO plugin. -->

Lo que más repentina de Alosa es la capacidad de crear canciones llenas y redondas sólo con dos integrantes, sin que se eche de menos más. La voz hipnótica de [&hellip;]

Festival d&#039;arts en viu del Gironès
