{"id":2442,"date":"2024-05-29T16:30:14","date_gmt":"2024-05-29T14:30:14","guid":{"rendered":"https:\/\/www.festivalemergent.cat\/event\/guillem-roma\/"},"modified":"2024-05-29T16:30:14","modified_gmt":"2024-05-29T14:30:14","slug":"guillem-roma","status":"publish","type":"tribe_events","link":"https:\/\/www.festivalemergent.cat\/es\/event\/guillem-roma\/","title":{"rendered":"Guillem Roma"},"content":{"rendered":"<p>Guillem Roma nos presenta POSTUREO REAL, una propuesta que navega entre las contradicciones de la vida moderna y representa un manifiesto para sobrevivir a un mundo actual. Guillem tiene la capacidad de convertir lo cotidiano en extraordinario y es capaz de unir en un mismo concepto y de forma org\u00e1nica la elegancia, la reflexi\u00f3n, la fiesta y la celebraci\u00f3n.<\/p>\n","protected":false},"excerpt":{"rendered":"<p>Guillem Roma nos presenta POSTUREO REAL, una propuesta que navega entre las contradicciones de la vida moderna y representa un manifiesto para sobrevivir a un mundo actual. Guillem tiene la [&hellip;]<\/p>\n","protected":false},"author":1,"featured_media":2360,"template":"","meta":{"_et_pb_use_builder":"off","_et_pb_old_content":"","_et_gb_content_width":"","_tribe_events_status":"","_tribe_events_status_reason":"","footnotes":""},"tags":[],"tribe_events_cat":[184],"class_list":["post-2442","tribe_events","type-tribe_events","status-publish","has-post-thumbnail","hentry","tribe_events_cat-cassa-de-la-selva-es","cat_cassa-de-la-selva-es"],"yoast_head":"<!-- This site is optimized with the Yoast SEO plugin v27.5 - https:\/\/yoast.com\/product\/yoast-seo-wordpress\/ -->\n<title>Guillem Roma - Festival Emergent<\/title>\n<meta name=\"robots\" content=\"index, follow, max-snippet:-1, max-image-preview:large, max-video-preview:-1\" \/>\n<link rel=\"canonical\" href=\"https:\/\/www.festivalemergent.cat\/event\/guillem-roma\/\" \/>\n<meta property=\"og:locale\" content=\"es_ES\" \/>\n<meta property=\"og:type\" content=\"article\" \/>\n<meta property=\"og:title\" content=\"Guillem Roma - Festival Emergent\" \/>\n<meta property=\"og:description\" content=\"Guillem Roma nos presenta POSTUREO REAL, una propuesta que navega entre las contradicciones de la vida moderna y representa un manifiesto para sobrevivir a un mundo actual. Guillem tiene la [&hellip;]\" \/>\n<meta property=\"og:url\" content=\"https:\/\/www.festivalemergent.cat\/event\/guillem-roma\/\" \/>\n<meta property=\"og:site_name\" content=\"Festival Emergent\" \/>\n<meta property=\"og:image\" content=\"https:\/\/www.festivalemergent.cat\/wp-content\/uploads\/2024\/05\/guillem-roma-1024x994.png\" \/>\n\t<meta property=\"og:image:width\" content=\"1024\" \/>\n\t<meta property=\"og:image:height\" content=\"994\" \/>\n\t<meta property=\"og:image:type\" content=\"image\/png\" \/>\n<meta name=\"twitter:card\" content=\"summary_large_image\" \/>\n<script type=\"application\/ld+json\" class=\"yoast-schema-graph\">{\"@context\":\"https:\\\/\\\/schema.org\",\"@graph\":[{\"@type\":\"WebPage\",\"@id\":\"https:\\\/\\\/www.festivalemergent.cat\\\/event\\\/guillem-roma\\\/\",\"url\":\"https:\\\/\\\/www.festivalemergent.cat\\\/event\\\/guillem-roma\\\/\",\"name\":\"Guillem Roma - Festival Emergent\",\"isPartOf\":{\"@id\":\"https:\\\/\\\/www.festivalemergent.cat\\\/#website\"},\"primaryImageOfPage\":{\"@id\":\"https:\\\/\\\/www.festivalemergent.cat\\\/event\\\/guillem-roma\\\/#primaryimage\"},\"image\":{\"@id\":\"https:\\\/\\\/www.festivalemergent.cat\\\/event\\\/guillem-roma\\\/#primaryimage\"},\"thumbnailUrl\":\"https:\\\/\\\/www.festivalemergent.cat\\\/wp-content\\\/uploads\\\/2024\\\/05\\\/guillem-roma.png\",\"datePublished\":\"2024-05-29T14:30:14+00:00\",\"breadcrumb\":{\"@id\":\"https:\\\/\\\/www.festivalemergent.cat\\\/event\\\/guillem-roma\\\/#breadcrumb\"},\"inLanguage\":\"es\",\"potentialAction\":[{\"@type\":\"ReadAction\",\"target\":[\"https:\\\/\\\/www.festivalemergent.cat\\\/event\\\/guillem-roma\\\/\"]}]},{\"@type\":\"ImageObject\",\"inLanguage\":\"es\",\"@id\":\"https:\\\/\\\/www.festivalemergent.cat\\\/event\\\/guillem-roma\\\/#primaryimage\",\"url\":\"https:\\\/\\\/www.festivalemergent.cat\\\/wp-content\\\/uploads\\\/2024\\\/05\\\/guillem-roma.png\",\"contentUrl\":\"https:\\\/\\\/www.festivalemergent.cat\\\/wp-content\\\/uploads\\\/2024\\\/05\\\/guillem-roma.png\",\"width\":1832,\"height\":1778},{\"@type\":\"BreadcrumbList\",\"@id\":\"https:\\\/\\\/www.festivalemergent.cat\\\/event\\\/guillem-roma\\\/#breadcrumb\",\"itemListElement\":[{\"@type\":\"ListItem\",\"position\":1,\"name\":\"Inici\",\"item\":\"https:\\\/\\\/www.festivalemergent.cat\\\/\"},{\"@type\":\"ListItem\",\"position\":2,\"name\":\"Esdeveniments\",\"item\":\"https:\\\/\\\/www.festivalemergent.cat\\\/esdeveniments\\\/\"},{\"@type\":\"ListItem\",\"position\":3,\"name\":\"Guillem Roma\"}]},{\"@type\":\"WebSite\",\"@id\":\"https:\\\/\\\/www.festivalemergent.cat\\\/#website\",\"url\":\"https:\\\/\\\/www.festivalemergent.cat\\\/\",\"name\":\"Festival Emergent\",\"description\":\"Festival d&#039;arts en viu del Giron\u00e8s\",\"potentialAction\":[{\"@type\":\"SearchAction\",\"target\":{\"@type\":\"EntryPoint\",\"urlTemplate\":\"https:\\\/\\\/www.festivalemergent.cat\\\/?s={search_term_string}\"},\"query-input\":{\"@type\":\"PropertyValueSpecification\",\"valueRequired\":true,\"valueName\":\"search_term_string\"}}],\"inLanguage\":\"es\"}]}<\/script>\n<!-- \/ Yoast SEO plugin. -->","yoast_head_json":{"title":"Guillem Roma - Festival Emergent","robots":{"index":"index","follow":"follow","max-snippet":"max-snippet:-1","max-image-preview":"max-image-preview:large","max-video-preview":"max-video-preview:-1"},"canonical":"https:\/\/www.festivalemergent.cat\/event\/guillem-roma\/","og_locale":"es_ES","og_type":"article","og_title":"Guillem Roma - Festival Emergent","og_description":"Guillem Roma nos presenta POSTUREO REAL, una propuesta que navega entre las contradicciones de la vida moderna y representa un manifiesto para sobrevivir a un mundo actual. Guillem tiene la [&hellip;]","og_url":"https:\/\/www.festivalemergent.cat\/event\/guillem-roma\/","og_site_name":"Festival Emergent","og_image":[{"width":1024,"height":994,"url":"https:\/\/www.festivalemergent.cat\/wp-content\/uploads\/2024\/05\/guillem-roma-1024x994.png","type":"image\/png"}],"twitter_card":"summary_large_image","schema":{"@context":"https:\/\/schema.org","@graph":[{"@type":"WebPage","@id":"https:\/\/www.festivalemergent.cat\/event\/guillem-roma\/","url":"https:\/\/www.festivalemergent.cat\/event\/guillem-roma\/","name":"Guillem Roma - Festival Emergent","isPartOf":{"@id":"https:\/\/www.festivalemergent.cat\/#website"},"primaryImageOfPage":{"@id":"https:\/\/www.festivalemergent.cat\/event\/guillem-roma\/#primaryimage"},"image":{"@id":"https:\/\/www.festivalemergent.cat\/event\/guillem-roma\/#primaryimage"},"thumbnailUrl":"https:\/\/www.festivalemergent.cat\/wp-content\/uploads\/2024\/05\/guillem-roma.png","datePublished":"2024-05-29T14:30:14+00:00","breadcrumb":{"@id":"https:\/\/www.festivalemergent.cat\/event\/guillem-roma\/#breadcrumb"},"inLanguage":"es","potentialAction":[{"@type":"ReadAction","target":["https:\/\/www.festivalemergent.cat\/event\/guillem-roma\/"]}]},{"@type":"ImageObject","inLanguage":"es","@id":"https:\/\/www.festivalemergent.cat\/event\/guillem-roma\/#primaryimage","url":"https:\/\/www.festivalemergent.cat\/wp-content\/uploads\/2024\/05\/guillem-roma.png","contentUrl":"https:\/\/www.festivalemergent.cat\/wp-content\/uploads\/2024\/05\/guillem-roma.png","width":1832,"height":1778},{"@type":"BreadcrumbList","@id":"https:\/\/www.festivalemergent.cat\/event\/guillem-roma\/#breadcrumb","itemListElement":[{"@type":"ListItem","position":1,"name":"Inici","item":"https:\/\/www.festivalemergent.cat\/"},{"@type":"ListItem","position":2,"name":"Esdeveniments","item":"https:\/\/www.festivalemergent.cat\/esdeveniments\/"},{"@type":"ListItem","position":3,"name":"Guillem Roma"}]},{"@type":"WebSite","@id":"https:\/\/www.festivalemergent.cat\/#website","url":"https:\/\/www.festivalemergent.cat\/","name":"Festival Emergent","description":"Festival d&#039;arts en viu del Giron\u00e8s","potentialAction":[{"@type":"SearchAction","target":{"@type":"EntryPoint","urlTemplate":"https:\/\/www.festivalemergent.cat\/?s={search_term_string}"},"query-input":{"@type":"PropertyValueSpecification","valueRequired":true,"valueName":"search_term_string"}}],"inLanguage":"es"}]}},"_links":{"self":[{"href":"https:\/\/www.festivalemergent.cat\/es\/wp-json\/wp\/v2\/tribe_events\/2442","targetHints":{"allow":["GET"]}}],"collection":[{"href":"https:\/\/www.festivalemergent.cat\/es\/wp-json\/wp\/v2\/tribe_events"}],"about":[{"href":"https:\/\/www.festivalemergent.cat\/es\/wp-json\/wp\/v2\/types\/tribe_events"}],"author":[{"embeddable":true,"href":"https:\/\/www.festivalemergent.cat\/es\/wp-json\/wp\/v2\/users\/1"}],"version-history":[{"count":0,"href":"https:\/\/www.festivalemergent.cat\/es\/wp-json\/wp\/v2\/tribe_events\/2442\/revisions"}],"wp:featuredmedia":[{"embeddable":true,"href":"https:\/\/www.festivalemergent.cat\/es\/wp-json\/wp\/v2\/media\/2360"}],"wp:attachment":[{"href":"https:\/\/www.festivalemergent.cat\/es\/wp-json\/wp\/v2\/media?parent=2442"}],"wp:term":[{"taxonomy":"post_tag","embeddable":true,"href":"https:\/\/www.festivalemergent.cat\/es\/wp-json\/wp\/v2\/tags?post=2442"},{"taxonomy":"tribe_events_cat","embeddable":true,"href":"https:\/\/www.festivalemergent.cat\/es\/wp-json\/wp\/v2\/tribe_events_cat?post=2442"}],"curies":[{"name":"wp","href":"https:\/\/api.w.org\/{rel}","templated":true}]}}

<p>Guillem Roma nos presenta POSTUREO REAL, una propuesta que navega entre las contradicciones de la vida moderna y representa un manifiesto para sobrevivir a un mundo actual. Guillem tiene la capacidad de convertir lo cotidiano en extraordinario y es capaz de unir en un mismo concepto y de forma orgánica la elegancia, la reflexión, la fiesta y la celebración.</p>

<!-- This site is optimized with the Yoast SEO plugin v27.5 - https://yoast.com/product/yoast-seo-wordpress/ -->
<title>Guillem Roma - Festival Emergent</title>
<meta name="robots" content="index, follow, max-snippet:-1, max-image-preview:large, max-video-preview:-1" />
<link rel="canonical" href="https://www.festivalemergent.cat/event/guillem-roma/" />
<meta property="og:locale" content="es_ES" />
<meta property="og:type" content="article" />
<meta property="og:title" content="Guillem Roma - Festival Emergent" />
<meta property="og:description" content="Guillem Roma nos presenta POSTUREO REAL, una propuesta que navega entre las contradicciones de la vida moderna y representa un manifiesto para sobrevivir a un mundo actual. Guillem tiene la [&hellip;]" />
<meta property="og:url" content="https://www.festivalemergent.cat/event/guillem-roma/" />
<meta property="og:site_name" content="Festival Emergent" />
<meta property="og:image" content="https://www.festivalemergent.cat/wp-content/uploads/2024/05/guillem-roma-1024x994.png" />
	<meta property="og:image:width" content="1024" />
	<meta property="og:image:height" content="994" />
	<meta property="og:image:type" content="image/png" />
<meta name="twitter:card" content="summary_large_image" />
<script type="application/ld+json" class="yoast-schema-graph">{"@context":"https:\/\/schema.org","@graph":[{"@type":"WebPage","@id":"https:\/\/www.festivalemergent.cat\/event\/guillem-roma\/","url":"https:\/\/www.festivalemergent.cat\/event\/guillem-roma\/","name":"Guillem Roma - Festival Emergent","isPartOf":{"@id":"https:\/\/www.festivalemergent.cat\/#website"},"primaryImageOfPage":{"@id":"https:\/\/www.festivalemergent.cat\/event\/guillem-roma\/#primaryimage"},"image":{"@id":"https:\/\/www.festivalemergent.cat\/event\/guillem-roma\/#primaryimage"},"thumbnailUrl":"https:\/\/www.festivalemergent.cat\/wp-content\/uploads\/2024\/05\/guillem-roma.png","datePublished":"2024-05-29T14:30:14+00:00","breadcrumb":{"@id":"https:\/\/www.festivalemergent.cat\/event\/guillem-roma\/#breadcrumb"},"inLanguage":"es","potentialAction":[{"@type":"ReadAction","target":["https:\/\/www.festivalemergent.cat\/event\/guillem-roma\/"]}]},{"@type":"ImageObject","inLanguage":"es","@id":"https:\/\/www.festivalemergent.cat\/event\/guillem-roma\/#primaryimage","url":"https:\/\/www.festivalemergent.cat\/wp-content\/uploads\/2024\/05\/guillem-roma.png","contentUrl":"https:\/\/www.festivalemergent.cat\/wp-content\/uploads\/2024\/05\/guillem-roma.png","width":1832,"height":1778},{"@type":"BreadcrumbList","@id":"https:\/\/www.festivalemergent.cat\/event\/guillem-roma\/#breadcrumb","itemListElement":[{"@type":"ListItem","position":1,"name":"Inici","item":"https:\/\/www.festivalemergent.cat\/"},{"@type":"ListItem","position":2,"name":"Esdeveniments","item":"https:\/\/www.festivalemergent.cat\/esdeveniments\/"},{"@type":"ListItem","position":3,"name":"Guillem Roma"}]},{"@type":"WebSite","@id":"https:\/\/www.festivalemergent.cat\/#website","url":"https:\/\/www.festivalemergent.cat\/","name":"Festival Emergent","description":"Festival d&#039;arts en viu del Gironès","potentialAction":[{"@type":"SearchAction","target":{"@type":"EntryPoint","urlTemplate":"https:\/\/www.festivalemergent.cat\/?s={search_term_string}"},"query-input":{"@type":"PropertyValueSpecification","valueRequired":true,"valueName":"search_term_string"}}],"inLanguage":"es"}]}</script>
<!-- / Yoast SEO plugin. -->

Festival d&#039;arts en viu del Gironès
