{"id":2316,"date":"2023-10-18T17:03:13","date_gmt":"2023-10-18T15:03:13","guid":{"rendered":"https:\/\/www.festivalemergent.cat\/les-anxovetes\/"},"modified":"2024-05-31T12:27:57","modified_gmt":"2024-05-31T10:27:57","slug":"les-anxovetes","status":"publish","type":"tribe_events","link":"https:\/\/www.festivalemergent.cat\/es\/event\/les-anxovetes\/","title":{"rendered":"Les Anxovetes"},"content":{"rendered":"<p>Les Anxovetes es un grupo de habaneras nacido en verano de 2013 en Girona y cantado \u00edntegramente en femenino. \u00a1Ofrece el repertorio de habaneras cl\u00e1sico y tradicional pero tambi\u00e9n han producido y coproducido otros espect\u00e1culos, algunos relacionados con el mundo de la habanera y otros que no tienen nada que ver!<\/p>\n<p>Este a\u00f1o 2024 hace 10 a\u00f1os que Les Anxovetes dieron su primer concierto. Un poco antes, en verano de 2013, el proyecto se inici\u00f3 formalmente. \u00a1As\u00ed que este a\u00f1o est\u00e1n de celebraci\u00f3n!<\/p>\n","protected":false},"excerpt":{"rendered":"<p>Les Anxovetes es un grupo de habaneras nacido en verano de 2013 en Girona y cantado \u00edntegramente en femenino. \u00a1Ofrece el repertorio de habaneras cl\u00e1sico y tradicional pero tambi\u00e9n han [&hellip;]<\/p>\n","protected":false},"author":1,"featured_media":2125,"template":"","meta":{"_et_pb_use_builder":"off","_et_pb_old_content":"","_et_gb_content_width":"","_tribe_events_status":"","_tribe_events_status_reason":"","footnotes":""},"tags":[],"tribe_events_cat":[190],"class_list":["post-2316","tribe_events","type-tribe_events","status-publish","has-post-thumbnail","hentry","tribe_events_cat-vilablareix-es","cat_vilablareix-es"],"yoast_head":"<!-- This site is optimized with the Yoast SEO plugin v27.5 - https:\/\/yoast.com\/product\/yoast-seo-wordpress\/ -->\n<title>Les Anxovetes - Festival Emergent<\/title>\n<meta name=\"robots\" content=\"index, follow, max-snippet:-1, max-image-preview:large, max-video-preview:-1\" \/>\n<link rel=\"canonical\" href=\"https:\/\/www.festivalemergent.cat\/event\/les-anxovetes\/\" \/>\n<meta property=\"og:locale\" content=\"es_ES\" \/>\n<meta property=\"og:type\" content=\"article\" \/>\n<meta property=\"og:title\" content=\"Les Anxovetes - Festival Emergent\" \/>\n<meta property=\"og:description\" content=\"Les Anxovetes es un grupo de habaneras nacido en verano de 2013 en Girona y cantado \u00edntegramente en femenino. \u00a1Ofrece el repertorio de habaneras cl\u00e1sico y tradicional pero tambi\u00e9n han [&hellip;]\" \/>\n<meta property=\"og:url\" content=\"https:\/\/www.festivalemergent.cat\/event\/les-anxovetes\/\" \/>\n<meta property=\"og:site_name\" content=\"Festival Emergent\" \/>\n<meta property=\"article:modified_time\" content=\"2024-05-31T10:27:57+00:00\" \/>\n<meta property=\"og:image\" content=\"https:\/\/www.festivalemergent.cat\/wp-content\/uploads\/2023\/10\/Les-Anxovetes-vertical-scaled.jpg\" \/>\n\t<meta property=\"og:image:width\" content=\"1707\" \/>\n\t<meta property=\"og:image:height\" content=\"2560\" \/>\n\t<meta property=\"og:image:type\" content=\"image\/jpeg\" \/>\n<meta name=\"twitter:card\" content=\"summary_large_image\" \/>\n<script type=\"application\/ld+json\" class=\"yoast-schema-graph\">{\"@context\":\"https:\\\/\\\/schema.org\",\"@graph\":[{\"@type\":\"WebPage\",\"@id\":\"https:\\\/\\\/www.festivalemergent.cat\\\/event\\\/les-anxovetes\\\/\",\"url\":\"https:\\\/\\\/www.festivalemergent.cat\\\/event\\\/les-anxovetes\\\/\",\"name\":\"Les Anxovetes - Festival Emergent\",\"isPartOf\":{\"@id\":\"https:\\\/\\\/www.festivalemergent.cat\\\/#website\"},\"primaryImageOfPage\":{\"@id\":\"https:\\\/\\\/www.festivalemergent.cat\\\/event\\\/les-anxovetes\\\/#primaryimage\"},\"image\":{\"@id\":\"https:\\\/\\\/www.festivalemergent.cat\\\/event\\\/les-anxovetes\\\/#primaryimage\"},\"thumbnailUrl\":\"https:\\\/\\\/www.festivalemergent.cat\\\/wp-content\\\/uploads\\\/2023\\\/10\\\/Les-Anxovetes-vertical-scaled.jpg\",\"datePublished\":\"2023-10-18T15:03:13+00:00\",\"dateModified\":\"2024-05-31T10:27:57+00:00\",\"breadcrumb\":{\"@id\":\"https:\\\/\\\/www.festivalemergent.cat\\\/event\\\/les-anxovetes\\\/#breadcrumb\"},\"inLanguage\":\"es\",\"potentialAction\":[{\"@type\":\"ReadAction\",\"target\":[\"https:\\\/\\\/www.festivalemergent.cat\\\/event\\\/les-anxovetes\\\/\"]}]},{\"@type\":\"ImageObject\",\"inLanguage\":\"es\",\"@id\":\"https:\\\/\\\/www.festivalemergent.cat\\\/event\\\/les-anxovetes\\\/#primaryimage\",\"url\":\"https:\\\/\\\/www.festivalemergent.cat\\\/wp-content\\\/uploads\\\/2023\\\/10\\\/Les-Anxovetes-vertical-scaled.jpg\",\"contentUrl\":\"https:\\\/\\\/www.festivalemergent.cat\\\/wp-content\\\/uploads\\\/2023\\\/10\\\/Les-Anxovetes-vertical-scaled.jpg\",\"width\":1707,\"height\":2560},{\"@type\":\"BreadcrumbList\",\"@id\":\"https:\\\/\\\/www.festivalemergent.cat\\\/event\\\/les-anxovetes\\\/#breadcrumb\",\"itemListElement\":[{\"@type\":\"ListItem\",\"position\":1,\"name\":\"Inici\",\"item\":\"https:\\\/\\\/www.festivalemergent.cat\\\/\"},{\"@type\":\"ListItem\",\"position\":2,\"name\":\"Esdeveniments\",\"item\":\"https:\\\/\\\/www.festivalemergent.cat\\\/esdeveniments\\\/\"},{\"@type\":\"ListItem\",\"position\":3,\"name\":\"Les Anxovetes\"}]},{\"@type\":\"WebSite\",\"@id\":\"https:\\\/\\\/www.festivalemergent.cat\\\/#website\",\"url\":\"https:\\\/\\\/www.festivalemergent.cat\\\/\",\"name\":\"Festival Emergent\",\"description\":\"Festival d&#039;arts en viu del Giron\u00e8s\",\"potentialAction\":[{\"@type\":\"SearchAction\",\"target\":{\"@type\":\"EntryPoint\",\"urlTemplate\":\"https:\\\/\\\/www.festivalemergent.cat\\\/?s={search_term_string}\"},\"query-input\":{\"@type\":\"PropertyValueSpecification\",\"valueRequired\":true,\"valueName\":\"search_term_string\"}}],\"inLanguage\":\"es\"}]}<\/script>\n<!-- \/ Yoast SEO plugin. -->","yoast_head_json":{"title":"Les Anxovetes - Festival Emergent","robots":{"index":"index","follow":"follow","max-snippet":"max-snippet:-1","max-image-preview":"max-image-preview:large","max-video-preview":"max-video-preview:-1"},"canonical":"https:\/\/www.festivalemergent.cat\/event\/les-anxovetes\/","og_locale":"es_ES","og_type":"article","og_title":"Les Anxovetes - Festival Emergent","og_description":"Les Anxovetes es un grupo de habaneras nacido en verano de 2013 en Girona y cantado \u00edntegramente en femenino. \u00a1Ofrece el repertorio de habaneras cl\u00e1sico y tradicional pero tambi\u00e9n han [&hellip;]","og_url":"https:\/\/www.festivalemergent.cat\/event\/les-anxovetes\/","og_site_name":"Festival Emergent","article_modified_time":"2024-05-31T10:27:57+00:00","og_image":[{"width":1707,"height":2560,"url":"https:\/\/www.festivalemergent.cat\/wp-content\/uploads\/2023\/10\/Les-Anxovetes-vertical-scaled.jpg","type":"image\/jpeg"}],"twitter_card":"summary_large_image","schema":{"@context":"https:\/\/schema.org","@graph":[{"@type":"WebPage","@id":"https:\/\/www.festivalemergent.cat\/event\/les-anxovetes\/","url":"https:\/\/www.festivalemergent.cat\/event\/les-anxovetes\/","name":"Les Anxovetes - Festival Emergent","isPartOf":{"@id":"https:\/\/www.festivalemergent.cat\/#website"},"primaryImageOfPage":{"@id":"https:\/\/www.festivalemergent.cat\/event\/les-anxovetes\/#primaryimage"},"image":{"@id":"https:\/\/www.festivalemergent.cat\/event\/les-anxovetes\/#primaryimage"},"thumbnailUrl":"https:\/\/www.festivalemergent.cat\/wp-content\/uploads\/2023\/10\/Les-Anxovetes-vertical-scaled.jpg","datePublished":"2023-10-18T15:03:13+00:00","dateModified":"2024-05-31T10:27:57+00:00","breadcrumb":{"@id":"https:\/\/www.festivalemergent.cat\/event\/les-anxovetes\/#breadcrumb"},"inLanguage":"es","potentialAction":[{"@type":"ReadAction","target":["https:\/\/www.festivalemergent.cat\/event\/les-anxovetes\/"]}]},{"@type":"ImageObject","inLanguage":"es","@id":"https:\/\/www.festivalemergent.cat\/event\/les-anxovetes\/#primaryimage","url":"https:\/\/www.festivalemergent.cat\/wp-content\/uploads\/2023\/10\/Les-Anxovetes-vertical-scaled.jpg","contentUrl":"https:\/\/www.festivalemergent.cat\/wp-content\/uploads\/2023\/10\/Les-Anxovetes-vertical-scaled.jpg","width":1707,"height":2560},{"@type":"BreadcrumbList","@id":"https:\/\/www.festivalemergent.cat\/event\/les-anxovetes\/#breadcrumb","itemListElement":[{"@type":"ListItem","position":1,"name":"Inici","item":"https:\/\/www.festivalemergent.cat\/"},{"@type":"ListItem","position":2,"name":"Esdeveniments","item":"https:\/\/www.festivalemergent.cat\/esdeveniments\/"},{"@type":"ListItem","position":3,"name":"Les Anxovetes"}]},{"@type":"WebSite","@id":"https:\/\/www.festivalemergent.cat\/#website","url":"https:\/\/www.festivalemergent.cat\/","name":"Festival Emergent","description":"Festival d&#039;arts en viu del Giron\u00e8s","potentialAction":[{"@type":"SearchAction","target":{"@type":"EntryPoint","urlTemplate":"https:\/\/www.festivalemergent.cat\/?s={search_term_string}"},"query-input":{"@type":"PropertyValueSpecification","valueRequired":true,"valueName":"search_term_string"}}],"inLanguage":"es"}]}},"_links":{"self":[{"href":"https:\/\/www.festivalemergent.cat\/es\/wp-json\/wp\/v2\/tribe_events\/2316","targetHints":{"allow":["GET"]}}],"collection":[{"href":"https:\/\/www.festivalemergent.cat\/es\/wp-json\/wp\/v2\/tribe_events"}],"about":[{"href":"https:\/\/www.festivalemergent.cat\/es\/wp-json\/wp\/v2\/types\/tribe_events"}],"author":[{"embeddable":true,"href":"https:\/\/www.festivalemergent.cat\/es\/wp-json\/wp\/v2\/users\/1"}],"version-history":[{"count":1,"href":"https:\/\/www.festivalemergent.cat\/es\/wp-json\/wp\/v2\/tribe_events\/2316\/revisions"}],"predecessor-version":[{"id":2478,"href":"https:\/\/www.festivalemergent.cat\/es\/wp-json\/wp\/v2\/tribe_events\/2316\/revisions\/2478"}],"wp:featuredmedia":[{"embeddable":true,"href":"https:\/\/www.festivalemergent.cat\/es\/wp-json\/wp\/v2\/media\/2125"}],"wp:attachment":[{"href":"https:\/\/www.festivalemergent.cat\/es\/wp-json\/wp\/v2\/media?parent=2316"}],"wp:term":[{"taxonomy":"post_tag","embeddable":true,"href":"https:\/\/www.festivalemergent.cat\/es\/wp-json\/wp\/v2\/tags?post=2316"},{"taxonomy":"tribe_events_cat","embeddable":true,"href":"https:\/\/www.festivalemergent.cat\/es\/wp-json\/wp\/v2\/tribe_events_cat?post=2316"}],"curies":[{"name":"wp","href":"https:\/\/api.w.org\/{rel}","templated":true}]}}

<p>Les Anxovetes es un grupo de habaneras nacido en verano de 2013 en Girona y cantado íntegramente en femenino. ¡Ofrece el repertorio de habaneras clásico y tradicional pero también han producido y coproducido otros espectáculos, algunos relacionados con el mundo de la habanera y otros que no tienen nada que ver!</p>
<p>Este año 2024 hace 10 años que Les Anxovetes dieron su primer concierto. Un poco antes, en verano de 2013, el proyecto se inició formalmente. ¡Así que este año están de celebración!</p>

<p>Les Anxovetes es un grupo de habaneras nacido en verano de 2013 en Girona y cantado íntegramente en femenino. ¡Ofrece el repertorio de habaneras clásico y tradicional pero también han [&hellip;]</p>

<!-- This site is optimized with the Yoast SEO plugin v27.5 - https://yoast.com/product/yoast-seo-wordpress/ -->
<title>Les Anxovetes - Festival Emergent</title>
<meta name="robots" content="index, follow, max-snippet:-1, max-image-preview:large, max-video-preview:-1" />
<link rel="canonical" href="https://www.festivalemergent.cat/event/les-anxovetes/" />
<meta property="og:locale" content="es_ES" />
<meta property="og:type" content="article" />
<meta property="og:title" content="Les Anxovetes - Festival Emergent" />
<meta property="og:description" content="Les Anxovetes es un grupo de habaneras nacido en verano de 2013 en Girona y cantado íntegramente en femenino. ¡Ofrece el repertorio de habaneras clásico y tradicional pero también han [&hellip;]" />
<meta property="og:url" content="https://www.festivalemergent.cat/event/les-anxovetes/" />
<meta property="og:site_name" content="Festival Emergent" />
<meta property="article:modified_time" content="2024-05-31T10:27:57+00:00" />
<meta property="og:image" content="https://www.festivalemergent.cat/wp-content/uploads/2023/10/Les-Anxovetes-vertical-scaled.jpg" />
	<meta property="og:image:width" content="1707" />
	<meta property="og:image:height" content="2560" />
	<meta property="og:image:type" content="image/jpeg" />
<meta name="twitter:card" content="summary_large_image" />
<script type="application/ld+json" class="yoast-schema-graph">{"@context":"https:\/\/schema.org","@graph":[{"@type":"WebPage","@id":"https:\/\/www.festivalemergent.cat\/event\/les-anxovetes\/","url":"https:\/\/www.festivalemergent.cat\/event\/les-anxovetes\/","name":"Les Anxovetes - Festival Emergent","isPartOf":{"@id":"https:\/\/www.festivalemergent.cat\/#website"},"primaryImageOfPage":{"@id":"https:\/\/www.festivalemergent.cat\/event\/les-anxovetes\/#primaryimage"},"image":{"@id":"https:\/\/www.festivalemergent.cat\/event\/les-anxovetes\/#primaryimage"},"thumbnailUrl":"https:\/\/www.festivalemergent.cat\/wp-content\/uploads\/2023\/10\/Les-Anxovetes-vertical-scaled.jpg","datePublished":"2023-10-18T15:03:13+00:00","dateModified":"2024-05-31T10:27:57+00:00","breadcrumb":{"@id":"https:\/\/www.festivalemergent.cat\/event\/les-anxovetes\/#breadcrumb"},"inLanguage":"es","potentialAction":[{"@type":"ReadAction","target":["https:\/\/www.festivalemergent.cat\/event\/les-anxovetes\/"]}]},{"@type":"ImageObject","inLanguage":"es","@id":"https:\/\/www.festivalemergent.cat\/event\/les-anxovetes\/#primaryimage","url":"https:\/\/www.festivalemergent.cat\/wp-content\/uploads\/2023\/10\/Les-Anxovetes-vertical-scaled.jpg","contentUrl":"https:\/\/www.festivalemergent.cat\/wp-content\/uploads\/2023\/10\/Les-Anxovetes-vertical-scaled.jpg","width":1707,"height":2560},{"@type":"BreadcrumbList","@id":"https:\/\/www.festivalemergent.cat\/event\/les-anxovetes\/#breadcrumb","itemListElement":[{"@type":"ListItem","position":1,"name":"Inici","item":"https:\/\/www.festivalemergent.cat\/"},{"@type":"ListItem","position":2,"name":"Esdeveniments","item":"https:\/\/www.festivalemergent.cat\/esdeveniments\/"},{"@type":"ListItem","position":3,"name":"Les Anxovetes"}]},{"@type":"WebSite","@id":"https:\/\/www.festivalemergent.cat\/#website","url":"https:\/\/www.festivalemergent.cat\/","name":"Festival Emergent","description":"Festival d&#039;arts en viu del Gironès","potentialAction":[{"@type":"SearchAction","target":{"@type":"EntryPoint","urlTemplate":"https:\/\/www.festivalemergent.cat\/?s={search_term_string}"},"query-input":{"@type":"PropertyValueSpecification","valueRequired":true,"valueName":"search_term_string"}}],"inLanguage":"es"}]}</script>
<!-- / Yoast SEO plugin. -->

Les Anxovetes es un grupo de habaneras nacido en verano de 2013 en Girona y cantado íntegramente en femenino. ¡Ofrece el repertorio de habaneras clásico y tradicional pero también han [&hellip;]

Festival d&#039;arts en viu del Gironès
